Last updated on 2022-05-28 10:50:50 CEST.
Flavor | Version | Tinstall | Tcheck | Ttotal | Status | Flags |
---|---|---|---|---|---|---|
r-devel-linux-x86_64-debian-clang | 0.5.0 | 7.89 | 66.14 | 74.03 | NOTE | |
r-devel-linux-x86_64-debian-gcc | 0.5.0 | 5.90 | 48.45 | 54.35 | NOTE | |
r-devel-linux-x86_64-fedora-clang | 0.5.0 | 49.96 | NOTE | |||
r-devel-linux-x86_64-fedora-gcc | 0.5.0 | 75.81 | NOTE | |||
r-devel-windows-x86_64 | 0.5.0 | 25.00 | 84.00 | 109.00 | OK | |
r-patched-linux-x86_64 | 0.5.0 | 11.15 | 61.32 | 72.47 | NOTE | |
r-release-linux-x86_64 | 0.5.0 | 6.63 | 61.37 | 68.00 | NOTE | |
r-release-macos-arm64 | 0.5.0 | 31.00 | OK | |||
r-release-macos-x86_64 | 0.5.0 | 38.00 | OK | |||
r-release-windows-x86_64 | 0.5.0 | 27.00 | 86.00 | 113.00 | OK | |
r-oldrel-macos-arm64 | 0.5.0 | 29.00 | OK | |||
r-oldrel-macos-x86_64 | 0.5.0 | 37.00 | OK | |||
r-oldrel-windows-ix86+x86_64 | 0.5.0 | 21.00 | 106.00 | 127.00 | OK |
Version: 0.5.0
Check: package dependencies
Result: NOTE
Package suggested but not available for checking: 'mlr3proba'
Flavors: r-devel-linux-x86_64-debian-clang, r-devel-linux-x86_64-debian-gcc, r-devel-linux-x86_64-fedora-clang, r-devel-linux-x86_64-fedora-gcc, r-patched-linux-x86_64, r-release-linux-x86_64