CRAN Package Check Results for Package mlr3

Last updated on 2022-01-27 09:49:38 CET.

Flavor Version Tinstall Tcheck Ttotal Status Flags
r-devel-linux-x86_64-debian-clang 0.13.1 36.65 353.60 390.25 ERROR
r-devel-linux-x86_64-debian-gcc 0.13.1 26.19 262.08 288.27 OK
r-devel-linux-x86_64-fedora-clang 0.13.1 459.33 OK
r-devel-linux-x86_64-fedora-gcc 0.13.1 449.80 OK
r-devel-windows-x86_64-new-UL 0.13.1 235.00 419.00 654.00 OK
r-devel-windows-x86_64-new-TK 0.13.1 OK
r-patched-linux-x86_64 0.13.1 41.71 339.58 381.29 OK
r-release-linux-x86_64 0.13.1 27.21 337.02 364.23 OK
r-release-macos-arm64 0.13.0 OK
r-release-macos-x86_64 0.13.1 OK
r-release-windows-ix86+x86_64 0.13.1 55.00 413.00 468.00 OK
r-oldrel-macos-x86_64 0.13.1 OK
r-oldrel-windows-ix86+x86_64 0.13.1 54.00 423.00 477.00 OK

Check Details

Version: 0.13.1
Check: tests
Result: ERROR
     Running 'testthat.R' [183s/242s]
    Running the tests in 'tests/testthat.R' failed.
    Complete output:
     > if (requireNamespace("testthat", quietly = TRUE)) {
     + library(checkmate)
     + library(testthat)
     + library(mlr3)
     +
     + test_check("mlr3")
     + }
     Loading required namespace: Matrix
     [ FAIL 2 | WARN 0 | SKIP 0 | PASS 11369 ]
    
     == Failed tests ================================================================
     -- Failure (test_mlr_learners_classif_rpart.R:5:3): autotest -------------------
     `result` is not TRUE
    
     `actual` is a list
     `expected` is a logical vector (TRUE)
     [train()] learner 'classif.rpart:response' on task 'utf8_feature_names_binary' failed: train log has errors: undefined columns selected
     -- Failure (test_mlr_learners_regr_rpart.R:5:3): autotest ----------------------
     `result` is not TRUE
    
     `actual` is a list
     `expected` is a logical vector (TRUE)
     [train()] learner 'regr.rpart:response' on task 'utf8_feature_names' failed: train log has errors: undefined columns selected
    
     [ FAIL 2 | WARN 0 | SKIP 0 | PASS 11369 ]
     Error: Test failures
     Execution halted
Flavor: r-devel-linux-x86_64-debian-clang