CRAN Package Check Results for Package mlmts

Last updated on 2022-10-05 10:51:45 CEST.

Flavor Version Tinstall Tcheck Ttotal Status Flags
r-devel-linux-x86_64-debian-clang 1.0.1 13.49 148.32 161.81 OK
r-devel-linux-x86_64-debian-gcc 1.0.1 12.71 107.20 119.91 OK
r-devel-linux-x86_64-fedora-clang 1.0.1 210.36 NOTE
r-devel-linux-x86_64-fedora-gcc 1.0.1 199.43 NOTE
r-devel-windows-x86_64 1.0.1 34.00 177.00 211.00 OK
r-patched-linux-x86_64 1.0.1 14.37 150.68 165.05 OK
r-release-linux-x86_64 1.0.1 13.66 151.88 165.54 OK
r-release-macos-arm64 1.0.1 88.00 NOTE
r-release-macos-x86_64 1.0.1 133.00 NOTE
r-release-windows-x86_64 1.0.1 32.00 170.00 202.00 OK
r-oldrel-macos-arm64 1.0.1 82.00 NOTE
r-oldrel-macos-x86_64 1.0.1 115.00 NOTE
r-oldrel-windows-ix86+x86_64 1.0.1 30.00 175.00 205.00 OK

Check Details

Version: 1.0.1
Check: package dependencies
Result: NOTE
    Imports includes 31 non-default packages.
    Importing from so many packages makes the package vulnerable to any of
    them becoming unavailable. Move as many as possible to Suggests and
    use conditionally.
Flavor: r-devel-linux-x86_64-fedora-clang

Version: 1.0.1
Check: dependencies in R code
Result: NOTE
    Namespaces in Imports field not imported from:
     ‘ClusterR’ ‘MASS’ ‘Rdpack’ ‘multiwave’ ‘ranger’
     All declared Imports should be used.
Flavors: r-devel-linux-x86_64-fedora-clang, r-devel-linux-x86_64-fedora-gcc, r-release-macos-arm64, r-release-macos-x86_64, r-oldrel-macos-arm64, r-oldrel-macos-x86_64