CRAN Package Check Results for Package mixmeta

Last updated on 2020-08-10 10:03:08 CEST.

Flavor Version Tinstall Tcheck Ttotal Status Flags
r-devel-linux-x86_64-debian-clang 1.0.8 5.49 70.26 75.75 OK
r-devel-linux-x86_64-debian-gcc 1.0.8 5.00 51.68 56.68 OK
r-devel-linux-x86_64-fedora-clang 1.0.8 93.49 NOTE
r-devel-linux-x86_64-fedora-gcc 1.0.8 85.58 OK
r-devel-windows-ix86+x86_64 1.0.8 13.00 100.00 113.00 OK
r-patched-linux-x86_64 1.0.8 6.08 69.19 75.27 OK
r-patched-solaris-x86 1.0.8 106.10 OK
r-release-linux-x86_64 1.0.8 5.61 68.37 73.98 OK
r-release-macos-x86_64 1.0.8 OK
r-release-windows-ix86+x86_64 1.0.8 9.00 79.00 88.00 OK
r-oldrel-macos-x86_64 1.0.8 OK
r-oldrel-windows-ix86+x86_64 1.0.8 8.00 73.00 81.00 OK

Check Details

Version: 1.0.8
Check: Rd cross-references
Result: NOTE
    Undeclared package ‘mvmeta’ in Rd xrefs
Flavor: r-devel-linux-x86_64-fedora-clang