CRAN Package Check Results for Package missSBM

Last updated on 2020-08-14 10:03:41 CEST.

Flavor Version Tinstall Tcheck Ttotal Status Flags
r-devel-linux-x86_64-debian-clang 0.2.1 71.25 156.87 228.12 OK
r-devel-linux-x86_64-debian-gcc 0.2.1 54.39 115.88 170.27 OK
r-devel-linux-x86_64-fedora-clang 0.2.1 284.94 NOTE
r-devel-linux-x86_64-fedora-gcc 0.2.1 278.22 NOTE
r-devel-windows-ix86+x86_64 0.2.1 165.00 368.00 533.00 OK
r-patched-linux-x86_64 0.2.1 60.62 147.02 207.64 OK
r-patched-solaris-x86 0.2.1 377.60 OK
r-release-linux-x86_64 0.2.1 60.73 147.78 208.51 OK
r-release-macos-x86_64 0.2.1 OK
r-release-windows-ix86+x86_64 0.2.1 165.00 285.00 450.00 OK
r-oldrel-macos-x86_64 0.2.1 OK
r-oldrel-windows-ix86+x86_64 0.2.1 101.00 268.00 369.00 OK

Check Details

Version: 0.2.1
Check: top-level files
Result: NOTE
    ‘configure’: /bin/bash is not portable
Flavors: r-devel-linux-x86_64-fedora-clang, r-devel-linux-x86_64-fedora-gcc