Last updated on 2023-01-28 10:51:34 CET.
Flavor | Version | Tinstall | Tcheck | Ttotal | Status | Flags |
---|---|---|---|---|---|---|
r-devel-linux-x86_64-debian-clang | 1.0.3 | 123.48 | 359.92 | 483.40 | OK | |
r-devel-linux-x86_64-debian-gcc | 1.0.3 | 96.94 | 262.22 | 359.16 | OK | |
r-devel-linux-x86_64-fedora-clang | 1.0.3 | 644.56 | OK | |||
r-devel-linux-x86_64-fedora-gcc | 1.0.3 | 593.93 | OK | |||
r-patched-linux-x86_64 | 1.0.3 | 107.27 | 339.22 | 446.49 | OK | |
r-release-linux-x86_64 | 1.0.3 | 80.51 | 336.24 | 416.75 | OK | |
r-release-macos-arm64 | 1.0.3 | 139.00 | NOTE | |||
r-release-macos-x86_64 | 1.0.3 | 239.00 | NOTE | |||
r-release-windows-x86_64 | 1.0.3 | 134.00 | 441.00 | 575.00 | OK | |
r-oldrel-macos-arm64 | 1.0.3 | 137.00 | NOTE | |||
r-oldrel-macos-x86_64 | 1.0.3 | 239.00 | NOTE | |||
r-oldrel-windows-ix86+x86_64 | 1.0.3 | 279.00 | 726.00 | 1005.00 | OK |
Version: 1.0.3
Check: installed package size
Result: NOTE
installed size is 7.1Mb
sub-directories of 1Mb or more:
libs 5.0Mb
Flavors: r-release-macos-arm64, r-release-macos-x86_64, r-oldrel-macos-arm64, r-oldrel-macos-x86_64