Last updated on 2024-04-25 07:59:58 CEST.
Flavor | Version | Tinstall | Tcheck | Ttotal | Status | Flags |
---|---|---|---|---|---|---|
r-devel-linux-x86_64-debian-clang | 0.6-28 | 2.49 | 30.60 | 33.09 | NOTE | |
r-devel-linux-x86_64-debian-gcc | 0.6-28 | 2.21 | 23.74 | 25.95 | NOTE | |
r-devel-linux-x86_64-fedora-clang | 0.6-28 | 42.41 | NOTE | |||
r-devel-linux-x86_64-fedora-gcc | 0.6-28 | 41.44 | NOTE | |||
r-devel-windows-x86_64 | 0.6-28 | 4.00 | 50.00 | 54.00 | NOTE | |
r-patched-linux-x86_64 | 0.6-28 | 3.36 | 30.36 | 33.72 | NOTE | |
r-release-linux-x86_64 | 0.6-28 | 1.88 | 30.74 | 32.62 | OK | |
r-release-macos-arm64 | 0.6-28 | 20.00 | NOTE | |||
r-release-windows-x86_64 | 0.6-28 | 5.00 | 49.00 | 54.00 | NOTE | |
r-oldrel-macos-arm64 | 0.6-28 | 19.00 | OK | |||
r-oldrel-macos-x86_64 | 0.6-28 | 39.00 | OK | |||
r-oldrel-windows-x86_64 | 0.6-28 | 4.00 | 52.00 | 56.00 | OK |
Version: 0.6-28
Check: Rd files
Result: NOTE
checkRd: (-1) sumKeepAttr.Rd:19: Lost braces
19 | (only relevant if code{x} has only one element).}
| ^
Flavors: r-devel-linux-x86_64-debian-clang, r-devel-linux-x86_64-debian-gcc, r-devel-linux-x86_64-fedora-clang, r-devel-linux-x86_64-fedora-gcc, r-devel-windows-x86_64, r-patched-linux-x86_64, r-release-macos-arm64, r-release-windows-x86_64