Last updated on 2024-04-18 10:49:54 CEST.
Flavor | Version | Tinstall | Tcheck | Ttotal | Status | Flags |
---|---|---|---|---|---|---|
r-devel-linux-x86_64-debian-clang | 2.0.44 | 8.91 | 127.82 | 136.73 | OK | |
r-devel-linux-x86_64-debian-gcc | 2.0.44 | 6.15 | 90.32 | 96.47 | OK | |
r-devel-linux-x86_64-fedora-clang | 2.0.44 | 167.72 | OK | |||
r-devel-linux-x86_64-fedora-gcc | 2.0.44 | 180.40 | OK | |||
r-prerel-macos-arm64 | 2.0.44 | 50.00 | OK | |||
r-prerel-windows-x86_64 | 2.0.44 | 9.00 | 112.00 | 121.00 | OK | |
r-patched-linux-x86_64 | 2.0.44 | 9.71 | 118.45 | 128.16 | OK | |
r-release-linux-x86_64 | 2.0.44 | 7.58 | 121.74 | 129.32 | OK | |
r-release-macos-arm64 | 2.0.44 | 49.00 | OK | |||
r-release-macos-x86_64 | 2.0.44 | 139.00 | NOTE | |||
r-release-windows-x86_64 | 2.0.44 | 13.00 | 118.00 | 131.00 | OK | |
r-oldrel-macos-arm64 | 2.0.44 | 49.00 | OK | |||
r-oldrel-windows-x86_64 | 2.0.44 | 12.00 | 120.00 | 132.00 | OK |
Version: 2.0.44
Check: installed package size
Result: NOTE
installed size is 5.5Mb
sub-directories of 1Mb or more:
data 2.9Mb
doc 1.7Mb
Flavor: r-release-macos-x86_64