Last updated on 2022-08-13 10:50:33 CEST.
Flavor | Version | Tinstall | Tcheck | Ttotal | Status | Flags |
---|---|---|---|---|---|---|
r-devel-linux-x86_64-debian-clang | 3.14.0 | 52.50 | 270.84 | 323.34 | NOTE | |
r-devel-linux-x86_64-debian-gcc | 3.14.0 | 31.97 | 194.59 | 226.56 | NOTE | |
r-devel-linux-x86_64-fedora-clang | 3.14.0 | 384.84 | NOTE | |||
r-devel-linux-x86_64-fedora-gcc | 3.14.0 | 371.17 | NOTE | |||
r-devel-windows-x86_64 | 3.14.0 | 114.00 | 347.00 | 461.00 | NOTE | |
r-patched-linux-x86_64 | 3.14.0 | 40.08 | 246.95 | 287.03 | OK | |
r-release-linux-x86_64 | 3.14.0 | 35.65 | 242.18 | 277.83 | OK | |
r-release-macos-arm64 | 3.14.0 | 91.00 | NOTE | |||
r-release-macos-x86_64 | 3.14.0 | 174.00 | OK | |||
r-release-windows-x86_64 | 3.14.0 | 116.00 | 335.00 | 451.00 | OK | |
r-oldrel-macos-arm64 | 3.14.0 | 131.00 | OK | |||
r-oldrel-macos-x86_64 | 3.14.0 | 127.00 | OK | |||
r-oldrel-windows-ix86+x86_64 | 3.14.0 | 119.00 | 548.00 | 667.00 | OK |
Version: 3.14.0
Check: Rd files
Result: NOTE
checkRd: (-1) fdgs.Rd:28: Escaped LaTeX specials: \&
checkRd: (-1) mice.impute.cart.Rd:61: Escaped LaTeX specials: \&
checkRd: (-1) mice.impute.rf.Rd:75: Escaped LaTeX specials: \&
checkRd: (-1) pmm.match.Rd:41: Escaped LaTeX specials: \&
Flavors: r-devel-linux-x86_64-debian-clang, r-devel-linux-x86_64-debian-gcc, r-devel-linux-x86_64-fedora-clang, r-devel-linux-x86_64-fedora-gcc, r-devel-windows-x86_64
Version: 3.14.0
Check: package dependencies
Result: NOTE
Package suggested but not available for checking: ‘haven’
Flavor: r-release-macos-arm64