Last updated on 2024-05-24 10:58:31 CEST.
Flavor | Version | Tinstall | Tcheck | Ttotal | Status | Flags |
---|---|---|---|---|---|---|
r-devel-linux-x86_64-debian-clang | 1.1 | 2.58 | 114.91 | 117.49 | NOTE | |
r-devel-linux-x86_64-debian-gcc | 1.1 | 2.38 | 82.90 | 85.28 | NOTE | |
r-devel-linux-x86_64-fedora-clang | 1.1 | 166.09 | NOTE | |||
r-devel-linux-x86_64-fedora-gcc | 1.1 | 176.13 | NOTE | |||
r-devel-windows-x86_64 | 1.1 | 4.00 | 159.00 | 163.00 | NOTE | |
r-patched-linux-x86_64 | 1.1 | 3.30 | 112.52 | 115.82 | NOTE | |
r-release-linux-x86_64 | 1.1 | 3.04 | 113.54 | 116.58 | NOTE | |
r-release-macos-arm64 | 1.1 | 46.00 | NOTE | |||
r-release-windows-x86_64 | 1.1 | 4.00 | 154.00 | 158.00 | NOTE | |
r-oldrel-macos-arm64 | 1.1 | 29.00 | NOTE | |||
r-oldrel-macos-x86_64 | 1.1 | 74.00 | NOTE | |||
r-oldrel-windows-x86_64 | 1.1 | 4.00 | 171.00 | 175.00 | NOTE |
Version: 1.1
Check: LazyData
Result: NOTE
'LazyData' is specified without a 'data' directory
Flavors: r-devel-linux-x86_64-debian-clang, r-devel-linux-x86_64-debian-gcc, r-devel-linux-x86_64-fedora-clang, r-devel-linux-x86_64-fedora-gcc, r-devel-windows-x86_64, r-patched-linux-x86_64, r-release-linux-x86_64, r-release-macos-arm64, r-release-windows-x86_64, r-oldrel-macos-arm64, r-oldrel-macos-x86_64, r-oldrel-windows-x86_64