CRAN Package Check Results for Package meteoland

Last updated on 2020-05-26 09:49:17 CEST.

Flavor Version Tinstall Tcheck Ttotal Status Flags
r-devel-linux-x86_64-debian-clang 0.9.2 115.93 217.42 333.35 OK
r-devel-linux-x86_64-debian-gcc 0.9.2 90.39 166.80 257.19 OK
r-devel-linux-x86_64-fedora-clang 0.9.2 454.74 NOTE
r-devel-linux-x86_64-fedora-gcc 0.9.2 408.01 OK
r-devel-windows-ix86+x86_64 0.9.2 285.00 297.00 582.00 NOTE
r-patched-linux-x86_64 0.9.2 97.43 208.29 305.72 OK
r-patched-solaris-x86 0.9.2 499.30 OK
r-release-linux-x86_64 0.9.2 89.48 211.27 300.75 OK
r-release-osx-x86_64 0.9.2 NOTE
r-release-windows-ix86+x86_64 0.9.2 203.00 431.00 634.00 NOTE
r-oldrel-osx-x86_64 0.9.2 NOTE
r-oldrel-windows-ix86+x86_64 0.9.2 222.00 386.00 608.00 OK

Check Details

Version: 0.9.2
Check: installed package size
Result: NOTE
     installed size is 6.7Mb
     sub-directories of 1Mb or more:
     R 1.1Mb
     libs 4.2Mb
Flavors: r-devel-linux-x86_64-fedora-clang, r-devel-windows-ix86+x86_64, r-release-osx-x86_64, r-release-windows-ix86+x86_64, r-oldrel-osx-x86_64