Last updated on 2024-03-28 10:49:39 CET.
Flavor | Version | Tinstall | Tcheck | Ttotal | Status | Flags |
---|---|---|---|---|---|---|
r-devel-linux-x86_64-debian-clang | 0.2.3 | 13.47 | 121.63 | 135.10 | OK | |
r-devel-linux-x86_64-debian-gcc | 0.2.3 | 8.97 | 88.77 | 97.74 | OK | |
r-devel-linux-x86_64-fedora-clang | 0.2.3 | 159.66 | NOTE | |||
r-devel-linux-x86_64-fedora-gcc | 0.2.3 | 163.99 | NOTE | |||
r-devel-windows-x86_64 | 0.2.3 | 11.00 | 99.00 | 110.00 | OK | |
r-patched-linux-x86_64 | 0.2.3 | 8.63 | 117.85 | 126.48 | OK | |
r-release-linux-x86_64 | 0.2.3 | 7.21 | 114.45 | 121.66 | OK | |
r-release-macos-arm64 | 0.2.3 | 59.00 | OK | |||
r-release-macos-x86_64 | 0.2.3 | 90.00 | OK | |||
r-release-windows-x86_64 | 0.2.3 | 14.00 | 115.00 | 129.00 | OK | |
r-oldrel-macos-arm64 | 0.2.3 | 45.00 | OK | |||
r-oldrel-windows-x86_64 | 0.2.3 | 15.00 | 125.00 | 140.00 | OK |
Version: 0.2.3
Check: package dependencies
Result: NOTE
Suggests orphaned package: ‘udunits2’
Flavors: r-devel-linux-x86_64-fedora-clang, r-devel-linux-x86_64-fedora-gcc