CRAN Package Check Results for Package memofunc

Last updated on 2023-02-03 09:55:38 CET.

Flavor Version Tinstall Tcheck Ttotal Status Flags
r-devel-linux-x86_64-debian-clang 1.0.2 2.37 28.59 30.96 NOTE
r-devel-linux-x86_64-debian-gcc 1.0.2 1.75 22.26 24.01 NOTE
r-devel-linux-x86_64-fedora-clang 1.0.2 40.04 NOTE
r-devel-linux-x86_64-fedora-gcc 1.0.2 38.14 NOTE
r-patched-linux-x86_64 1.0.2 2.03 28.11 30.14 NOTE
r-release-linux-x86_64 1.0.2 2.00 28.64 30.64 NOTE
r-release-macos-arm64 1.0.2 19.00 NOTE
r-release-macos-x86_64 1.0.2 26.00 NOTE
r-release-windows-x86_64 1.0.2 21.00 75.00 96.00 NOTE
r-oldrel-macos-arm64 1.0.2 22.00 NOTE
r-oldrel-macos-x86_64 1.0.2 33.00 NOTE
r-oldrel-windows-ix86+x86_64 1.0.2 6.00 63.00 69.00 NOTE

Check Details

Version: 1.0.2
Check: LazyData
Result: NOTE
     'LazyData' is specified without a 'data' directory
Flavors: r-devel-linux-x86_64-debian-clang, r-devel-linux-x86_64-debian-gcc, r-devel-linux-x86_64-fedora-clang, r-devel-linux-x86_64-fedora-gcc, r-patched-linux-x86_64, r-release-linux-x86_64, r-release-macos-arm64, r-release-macos-x86_64, r-release-windows-x86_64, r-oldrel-macos-arm64, r-oldrel-macos-x86_64, r-oldrel-windows-ix86+x86_64