CRAN Package Check Results for Package memapp

Last updated on 2020-08-07 10:07:36 CEST.

Flavor Version Tinstall Tcheck Ttotal Status Flags
r-devel-linux-x86_64-debian-clang 2.13 3.36 29.00 32.36 OK
r-devel-linux-x86_64-debian-gcc 2.13 2.79 23.01 25.80 OK
r-devel-linux-x86_64-fedora-clang 2.13 48.21 NOTE
r-devel-linux-x86_64-fedora-gcc 2.13 37.52 NOTE
r-devel-windows-ix86+x86_64 2.13 16.00 74.00 90.00 OK
r-patched-linux-x86_64 2.13 2.58 29.01 31.59 OK
r-patched-solaris-x86 2.13 63.80 NOTE
r-release-linux-x86_64 2.13 2.73 28.70 31.43 OK
r-release-macos-x86_64 2.13 NOTE
r-release-windows-ix86+x86_64 2.13 16.00 45.00 61.00 OK
r-oldrel-macos-x86_64 2.13 NOTE
r-oldrel-windows-ix86+x86_64 2.13 7.00 43.00 50.00 OK

Check Details

Version: 2.13
Check: package dependencies
Result: NOTE
    Imports includes 21 non-default packages.
    Importing from so many packages makes the package vulnerable to any of
    them becoming unavailable. Move as many as possible to Suggests and
    use conditionally.
Flavor: r-devel-linux-x86_64-fedora-clang

Version: 2.13
Check: dependencies in R code
Result: NOTE
    Namespaces in Imports field not imported from:
     ‘DT’ ‘RColorBrewer’ ‘RODBC’ ‘dplyr’ ‘foreign’ ‘formattable’ ‘ggplot2’
     ‘haven’ ‘mem’ ‘openxlsx’ ‘plotly’ ‘readxl’ ‘shinyBS’ ‘shinyWidgets’
     ‘shinydashboard’ ‘shinyjs’ ‘shinythemes’ ‘stringi’ ‘stringr’ ‘tidyr’
     All declared Imports should be used.
Flavors: r-devel-linux-x86_64-fedora-clang, r-devel-linux-x86_64-fedora-gcc, r-patched-solaris-x86, r-release-macos-x86_64, r-oldrel-macos-x86_64