Last updated on 2023-01-28 10:51:34 CET.
Flavor | Version | Tinstall | Tcheck | Ttotal | Status | Flags |
---|---|---|---|---|---|---|
r-devel-linux-x86_64-debian-clang | 1.0.1 | 45.05 | 64.21 | 109.26 | OK | |
r-devel-linux-x86_64-debian-gcc | 1.0.1 | 37.41 | 42.37 | 79.78 | NOTE | |
r-devel-linux-x86_64-fedora-clang | 1.0.1 | 154.05 | NOTE | |||
r-devel-linux-x86_64-fedora-gcc | 1.0.1 | 136.42 | NOTE | |||
r-patched-linux-x86_64 | 1.0.1 | 45.42 | 54.66 | 100.08 | OK | |
r-release-linux-x86_64 | 1.0.1 | 38.06 | 54.21 | 92.27 | OK | |
r-release-macos-arm64 | 1.0.1 | 48.00 | OK | |||
r-release-macos-x86_64 | 1.0.1 | 62.00 | OK | |||
r-release-windows-x86_64 | 1.0.1 | 65.00 | 100.00 | 165.00 | OK | |
r-oldrel-macos-arm64 | 1.0.1 | 44.00 | OK | |||
r-oldrel-macos-x86_64 | 1.0.1 | 64.00 | OK | |||
r-oldrel-windows-ix86+x86_64 | 1.0.1 | 128.00 | 119.00 | 247.00 | OK |
Version: 1.0.1
Check: C++ specification
Result: NOTE
Specified C++11: please update to current default of C++17
Flavors: r-devel-linux-x86_64-debian-gcc, r-devel-linux-x86_64-fedora-clang, r-devel-linux-x86_64-fedora-gcc