CRAN Package Check Results for Package mdthemes

Last updated on 2022-10-05 10:51:44 CEST.

Flavor Version Tinstall Tcheck Ttotal Status Flags
r-devel-linux-x86_64-debian-clang 0.1.0 2.48 30.81 33.29 NOTE
r-devel-linux-x86_64-debian-gcc 0.1.0 1.93 22.58 24.51 NOTE
r-devel-linux-x86_64-fedora-clang 0.1.0 51.28 NOTE
r-devel-linux-x86_64-fedora-gcc 0.1.0 48.19 NOTE
r-devel-windows-x86_64 0.1.0 21.00 57.00 78.00 NOTE
r-patched-linux-x86_64 0.1.0 2.06 28.58 30.64 NOTE
r-release-linux-x86_64 0.1.0 2.22 28.45 30.67 NOTE
r-release-macos-arm64 0.1.0 17.00 NOTE
r-release-macos-x86_64 0.1.0 29.00 NOTE
r-release-windows-x86_64 0.1.0 23.00 53.00 76.00 NOTE
r-oldrel-macos-arm64 0.1.0 19.00 NOTE
r-oldrel-macos-x86_64 0.1.0 32.00 NOTE
r-oldrel-windows-ix86+x86_64 0.1.0 7.00 52.00 59.00 NOTE

Check Details

Version: 0.1.0
Check: LazyData
Result: NOTE
     'LazyData' is specified without a 'data' directory
Flavors: r-devel-linux-x86_64-debian-clang, r-devel-linux-x86_64-debian-gcc, r-devel-linux-x86_64-fedora-clang, r-devel-linux-x86_64-fedora-gcc, r-devel-windows-x86_64, r-patched-linux-x86_64, r-release-linux-x86_64, r-release-macos-arm64, r-release-macos-x86_64, r-release-windows-x86_64, r-oldrel-macos-arm64, r-oldrel-macos-x86_64, r-oldrel-windows-ix86+x86_64