Last updated on 2024-04-23 10:54:08 CEST.
Flavor | Version | Tinstall | Tcheck | Ttotal | Status | Flags |
---|---|---|---|---|---|---|
r-devel-linux-x86_64-debian-clang | 1.0.1 | 6.97 | 77.95 | 84.92 | NOTE | |
r-devel-linux-x86_64-debian-gcc | 1.0.1 | 5.67 | 58.36 | 64.03 | NOTE | |
r-devel-linux-x86_64-fedora-clang | 1.0.1 | 105.31 | NOTE | |||
r-devel-linux-x86_64-fedora-gcc | 1.0.1 | 113.29 | NOTE | |||
r-prerel-macos-arm64 | 1.0.1 | 43.00 | NOTE | |||
r-prerel-windows-x86_64 | 1.0.1 | 7.00 | 79.00 | 86.00 | NOTE | |
r-patched-linux-x86_64 | 1.0.1 | 4.56 | 75.70 | 80.26 | NOTE | |
r-release-linux-x86_64 | 1.0.1 | 4.14 | 72.43 | 76.57 | NOTE | |
r-release-macos-arm64 | 1.0.1 | 39.00 | NOTE | |||
r-release-macos-x86_64 | 1.0.1 | 60.00 | NOTE | |||
r-release-windows-x86_64 | 1.0.1 | 8.00 | 89.00 | 97.00 | NOTE | |
r-oldrel-macos-arm64 | 1.0.1 | 33.00 | NOTE | |||
r-oldrel-windows-x86_64 | 1.0.1 | 10.00 | 94.00 | 104.00 | NOTE |
Version: 1.0.1
Check: LazyData
Result: NOTE
'LazyData' is specified without a 'data' directory
Flavors: r-devel-linux-x86_64-debian-clang, r-devel-linux-x86_64-debian-gcc, r-devel-linux-x86_64-fedora-clang, r-devel-linux-x86_64-fedora-gcc, r-prerel-macos-arm64, r-prerel-windows-x86_64, r-patched-linux-x86_64, r-release-linux-x86_64, r-release-macos-arm64, r-release-macos-x86_64, r-release-windows-x86_64, r-oldrel-macos-arm64, r-oldrel-windows-x86_64
Version: 1.0.1
Check: dependencies in R code
Result: NOTE
Namespace in Imports field not imported from: ‘glmnet’
All declared Imports should be used.
Flavors: r-devel-linux-x86_64-fedora-clang, r-devel-linux-x86_64-fedora-gcc, r-oldrel-macos-arm64