CRAN Package Check Results for Package mco

Last updated on 2022-05-17 10:49:50 CEST.

Flavor Version Tinstall Tcheck Ttotal Status Flags
r-devel-linux-x86_64-debian-clang 1.15.6 5.77 50.88 56.65 NOTE
r-devel-linux-x86_64-debian-gcc 1.15.6 4.04 38.19 42.23 NOTE
r-devel-linux-x86_64-fedora-clang 1.15.6 69.36 NOTE
r-devel-linux-x86_64-fedora-gcc 1.15.6 66.83 NOTE
r-devel-windows-x86_64 1.15.6 23.00 67.00 90.00 NOTE
r-patched-linux-x86_64 1.15.6 4.47 48.90 53.37 NOTE
r-release-linux-x86_64 1.15.6 4.50 49.43 53.93 NOTE
r-release-macos-arm64 1.15.6 21.00 NOTE
r-release-macos-x86_64 1.15.6 33.00 NOTE
r-release-windows-x86_64 1.15.6 24.00 69.00 93.00 NOTE
r-oldrel-macos-arm64 1.15.6 31.00 NOTE
r-oldrel-macos-x86_64 1.15.6 40.00 NOTE
r-oldrel-windows-ix86+x86_64 1.15.6 17.00 87.00 104.00 NOTE

Check Details

Version: 1.15.6
Check: LazyData
Result: NOTE
     'LazyData' is specified without a 'data' directory
Flavors: r-devel-linux-x86_64-debian-clang, r-devel-linux-x86_64-debian-gcc, r-devel-linux-x86_64-fedora-clang, r-devel-linux-x86_64-fedora-gcc, r-devel-windows-x86_64, r-patched-linux-x86_64, r-release-linux-x86_64, r-release-macos-arm64, r-release-macos-x86_64, r-release-windows-x86_64, r-oldrel-macos-arm64, r-oldrel-macos-x86_64, r-oldrel-windows-ix86+x86_64