Last updated on 2024-05-02 10:48:50 CEST.
Flavor | Version | Tinstall | Tcheck | Ttotal | Status | Flags |
---|---|---|---|---|---|---|
r-devel-linux-x86_64-debian-clang | 0.3.3 | 28.96 | 31.23 | 60.19 | NOTE | |
r-devel-linux-x86_64-debian-gcc | 0.3.3 | 25.26 | 24.23 | 49.49 | NOTE | |
r-devel-linux-x86_64-fedora-clang | 0.3.3 | 90.90 | NOTE | |||
r-devel-linux-x86_64-fedora-gcc | 0.3.3 | 85.92 | NOTE | |||
r-devel-windows-x86_64 | 0.3.3 | 25.00 | 65.00 | 90.00 | NOTE | |
r-patched-linux-x86_64 | 0.3.3 | 32.14 | 30.44 | 62.58 | NOTE | |
r-release-linux-x86_64 | 0.3.3 | 28.67 | 29.81 | 58.48 | NOTE | |
r-release-macos-arm64 | 0.3.3 | 26.00 | NOTE | |||
r-release-windows-x86_64 | 0.3.3 | 27.00 | 64.00 | 91.00 | NOTE | |
r-oldrel-macos-arm64 | 0.3.3 | 27.00 | NOTE | |||
r-oldrel-macos-x86_64 | 0.3.3 | 42.00 | NOTE | |||
r-oldrel-windows-x86_64 | 0.3.3 | 33.00 | 69.00 | 102.00 | NOTE |
Version: 0.3.3
Check: C++ specification
Result: NOTE
Specified C++11: please drop specification unless essential
Flavors: r-devel-linux-x86_64-debian-clang, r-devel-linux-x86_64-debian-gcc, r-devel-linux-x86_64-fedora-clang, r-devel-linux-x86_64-fedora-gcc, r-devel-windows-x86_64, r-patched-linux-x86_64, r-release-linux-x86_64, r-release-macos-arm64, r-release-windows-x86_64, r-oldrel-macos-arm64, r-oldrel-macos-x86_64, r-oldrel-windows-x86_64