CRAN Package Check Results for Package mcb

Last updated on 2021-12-09 09:55:41 CET.

Flavor Version Tinstall Tcheck Ttotal Status Flags
r-devel-linux-x86_64-debian-clang 0.1.15 10.08 139.29 149.37 OK
r-devel-linux-x86_64-debian-gcc 0.1.15 7.88 102.15 110.03 OK
r-devel-linux-x86_64-fedora-clang 0.1.15 181.40 NOTE
r-devel-linux-x86_64-fedora-gcc 0.1.15 161.55 NOTE
r-devel-windows-x86_64-new-UL 0.1.15 19.00 162.00 181.00 OK
r-devel-windows-x86_64-new-TK 0.1.15 NOTE
r-devel-windows-x86_64-old 0.1.15 17.00 110.00 127.00 OK
r-patched-linux-x86_64 0.1.15 9.08 131.37 140.45 OK
r-release-linux-x86_64 0.1.15 9.81 130.53 140.34 OK
r-release-macos-arm64 0.1.15 NOTE
r-release-macos-x86_64 0.1.15 NOTE
r-release-windows-ix86+x86_64 0.1.15 16.00 152.00 168.00 OK
r-oldrel-macos-x86_64 0.1.15 NOTE
r-oldrel-windows-ix86+x86_64 0.1.15 24.00 154.00 178.00 OK

Check Details

Version: 0.1.15
Check: dependencies in R code
Result: NOTE
    Namespaces in Imports field not imported from:
     ‘MASS’ ‘lars’ ‘methods’ ‘parallel’ ‘smoothmest’
     All declared Imports should be used.
Flavors: r-devel-linux-x86_64-fedora-clang, r-devel-linux-x86_64-fedora-gcc, r-devel-windows-x86_64-new-TK, r-release-macos-arm64, r-release-macos-x86_64, r-oldrel-macos-x86_64

Version: 0.1.15
Check: package dependencies
Result: NOTE
    Package suggested but not available for checking: ‘flare’
Flavor: r-oldrel-macos-x86_64