CRAN Package Check Results for Package mcBFtest

Last updated on 2023-01-31 10:52:15 CET.

Flavor Version Tinstall Tcheck Ttotal Status Flags
r-devel-linux-x86_64-debian-clang 0.1.0 1.42 21.43 22.85 NOTE
r-devel-linux-x86_64-debian-gcc 0.1.0 1.41 16.58 17.99 NOTE
r-devel-linux-x86_64-fedora-clang 0.1.0 29.80 NOTE
r-devel-linux-x86_64-fedora-gcc 0.1.0 28.44 NOTE
r-devel-windows-x86_64 0.1.0 7.00 48.00 55.00 NOTE
r-patched-linux-x86_64 0.1.0 1.37 21.84 23.21 NOTE
r-release-linux-x86_64 0.1.0 2.01 21.21 23.22 NOTE
r-release-macos-arm64 0.1.0 14.00 NOTE
r-release-macos-x86_64 0.1.0 19.00 NOTE
r-release-windows-x86_64 0.1.0 10.00 55.00 65.00 NOTE
r-oldrel-macos-arm64 0.1.0 17.00 NOTE
r-oldrel-macos-x86_64 0.1.0 24.00 NOTE
r-oldrel-windows-ix86+x86_64 0.1.0 5.00 45.00 50.00 NOTE

Check Details

Version: 0.1.0
Check: LazyData
Result: NOTE
     'LazyData' is specified without a 'data' directory
Flavors: r-devel-linux-x86_64-debian-clang, r-devel-linux-x86_64-debian-gcc, r-devel-linux-x86_64-fedora-clang, r-devel-linux-x86_64-fedora-gcc, r-devel-windows-x86_64, r-patched-linux-x86_64, r-release-linux-x86_64, r-release-macos-arm64, r-release-macos-x86_64, r-release-windows-x86_64, r-oldrel-macos-arm64, r-oldrel-macos-x86_64, r-oldrel-windows-ix86+x86_64