Last updated on 2024-05-09 10:49:56 CEST.
Flavor | Version | Tinstall | Tcheck | Ttotal | Status | Flags |
---|---|---|---|---|---|---|
r-devel-linux-x86_64-debian-clang | 0.1.2 | 6.94 | 76.94 | 83.88 | NOTE | |
r-devel-linux-x86_64-debian-gcc | 0.1.2 | 6.54 | 58.39 | 64.93 | NOTE | |
r-devel-linux-x86_64-fedora-clang | 0.1.2 | 106.67 | NOTE | |||
r-devel-linux-x86_64-fedora-gcc | 0.1.2 | 167.81 | NOTE | |||
r-devel-windows-x86_64 | 0.1.2 | 7.00 | 72.00 | 79.00 | NOTE | |
r-patched-linux-x86_64 | 0.1.2 | 8.88 | 73.23 | 82.11 | NOTE | |
r-release-linux-x86_64 | 0.1.2 | 7.23 | 74.17 | 81.40 | NOTE | |
r-release-macos-arm64 | 0.1.2 | 38.00 | NOTE | |||
r-release-windows-x86_64 | 0.1.2 | 8.00 | 76.00 | 84.00 | NOTE | |
r-oldrel-macos-arm64 | 0.1.2 | 43.00 | NOTE | |||
r-oldrel-macos-x86_64 | 0.1.2 | 67.00 | NOTE | |||
r-oldrel-windows-x86_64 | 0.1.2 | 9.00 | 86.00 | 95.00 | NOTE |
Version: 0.1.2
Check: Rd files
Result: NOTE
checkRd: (-1) mc.lnOR.Rd:7: Escaped LaTeX specials: \&
Flavors: r-devel-linux-x86_64-debian-clang, r-devel-linux-x86_64-debian-gcc, r-devel-linux-x86_64-fedora-clang, r-devel-linux-x86_64-fedora-gcc, r-devel-windows-x86_64, r-patched-linux-x86_64, r-release-linux-x86_64, r-release-macos-arm64, r-release-windows-x86_64, r-oldrel-macos-arm64, r-oldrel-macos-x86_64, r-oldrel-windows-x86_64
Version: 0.1.2
Check: LazyData
Result: NOTE
'LazyData' is specified without a 'data' directory
Flavors: r-devel-linux-x86_64-debian-clang, r-devel-linux-x86_64-debian-gcc, r-devel-linux-x86_64-fedora-clang, r-devel-linux-x86_64-fedora-gcc, r-devel-windows-x86_64, r-patched-linux-x86_64, r-release-linux-x86_64, r-release-macos-arm64, r-release-windows-x86_64, r-oldrel-macos-arm64, r-oldrel-macos-x86_64, r-oldrel-windows-x86_64
Version: 0.1.2
Check: dependencies in R code
Result: NOTE
Namespace in Imports field not imported from: ‘boot.heterogeneity’
All declared Imports should be used.
Flavors: r-devel-linux-x86_64-fedora-clang, r-devel-linux-x86_64-fedora-gcc