CRAN Package Check Results for Package maxLik

Last updated on 2020-07-04 09:49:46 CEST.

Flavor Version Tinstall Tcheck Ttotal Status Flags
r-devel-linux-x86_64-debian-clang 1.3-8 7.54 49.93 57.47 OK
r-devel-linux-x86_64-debian-gcc 1.3-8 5.97 38.48 44.45 OK
r-devel-linux-x86_64-fedora-clang 1.3-8 76.16 NOTE
r-devel-linux-x86_64-fedora-gcc 1.3-8 66.51 OK
r-devel-windows-ix86+x86_64 1.3-8 18.00 68.00 86.00 OK
r-patched-linux-x86_64 1.3-8 6.21 48.88 55.09 OK
r-patched-solaris-x86 1.3-8 92.30 OK
r-release-linux-x86_64 1.3-8 6.92 49.68 56.60 OK
r-release-osx-x86_64 1.3-8 OK
r-release-windows-ix86+x86_64 1.3-8 15.00 71.00 86.00 OK
r-oldrel-osx-x86_64 1.3-8 OK
r-oldrel-windows-ix86+x86_64 1.3-8 10.00 87.00 97.00 OK

Check Details

Version: 1.3-8
Check: Rd cross-references
Result: NOTE
    Undeclared packages ‘dlm’, ‘clue’ in Rd xrefs
Flavor: r-devel-linux-x86_64-fedora-clang