CRAN Package Check Results for Package mauricer

Last updated on 2020-08-13 09:49:02 CEST.

Flavor Version Tinstall Tcheck Ttotal Status Flags
r-devel-linux-x86_64-debian-clang 2.1 2.33 24.46 26.79 OK
r-devel-linux-x86_64-debian-gcc 2.1 1.93 19.63 21.56 OK
r-devel-linux-x86_64-fedora-clang 2.1 44.07 NOTE
r-devel-linux-x86_64-fedora-gcc 2.1 34.26 NOTE
r-devel-windows-ix86+x86_64 2.1 15.00 44.00 59.00 OK
r-patched-linux-x86_64 2.1 2.65 24.77 27.42 OK
r-release-linux-x86_64 2.1 2.28 24.81 27.09 OK
r-release-macos-x86_64 2.1 NOTE
r-release-windows-ix86+x86_64 2.1 11.00 61.00 72.00 OK
r-oldrel-macos-x86_64 2.1 NOTE

Check Details

Version: 2.1
Check: dependencies in R code
Result: NOTE
    Namespace in Imports field not imported from: ‘curl’
     All declared Imports should be used.
Flavors: r-devel-linux-x86_64-fedora-clang, r-devel-linux-x86_64-fedora-gcc, r-release-macos-x86_64, r-oldrel-macos-x86_64

Version: 2.1
Check: Rd cross-references
Result: NOTE
    Undeclared package ‘tracerer’ in Rd xrefs
Flavor: r-devel-linux-x86_64-fedora-clang