Last updated on 2023-03-20 09:49:32 CET.
Flavor | Version | Tinstall | Tcheck | Ttotal | Status | Flags |
---|---|---|---|---|---|---|
r-devel-linux-x86_64-debian-clang | 0.5.0 | NOTE | ||||
r-devel-linux-x86_64-debian-gcc | 0.5.0 | 2.27 | 22.69 | 24.96 | NOTE | |
r-devel-linux-x86_64-fedora-clang | 0.5.0 | 40.21 | NOTE | |||
r-devel-linux-x86_64-fedora-gcc | 0.5.0 | 37.35 | NOTE | |||
r-patched-linux-x86_64 | 0.5.0 | 2.99 | 29.81 | 32.80 | NOTE | |
r-release-linux-x86_64 | 0.5.0 | 2.52 | 29.93 | 32.45 | NOTE | |
r-release-macos-arm64 | 0.5.0 | 19.00 | NOTE | |||
r-release-macos-x86_64 | 0.5.0 | 24.00 | NOTE | |||
r-release-windows-x86_64 | 0.5.0 | 18.00 | 60.00 | 78.00 | NOTE | |
r-oldrel-macos-arm64 | 0.5.0 | 24.00 | NOTE | |||
r-oldrel-macos-x86_64 | 0.5.0 | 32.00 | NOTE | |||
r-oldrel-windows-ix86+x86_64 | 0.5.0 | 6.00 | 59.00 | 65.00 | NOTE |
Version: 0.5.0
Check: LazyData
Result: NOTE
'LazyData' is specified without a 'data' directory
Flavors: r-devel-linux-x86_64-debian-clang, r-devel-linux-x86_64-debian-gcc, r-devel-linux-x86_64-fedora-clang, r-devel-linux-x86_64-fedora-gcc, r-patched-linux-x86_64, r-release-linux-x86_64, r-release-macos-arm64, r-release-macos-x86_64, r-release-windows-x86_64, r-oldrel-macos-arm64, r-oldrel-macos-x86_64, r-oldrel-windows-ix86+x86_64
Version: 0.5.0
Check: R code for possible problems
Result: NOTE
Initiating curl with CURL_SSL_BACKEND: openssl
Flavor: r-oldrel-windows-ix86+x86_64