Last updated on 2024-04-19 10:57:30 CEST.
Flavor | Version | Tinstall | Tcheck | Ttotal | Status | Flags |
---|---|---|---|---|---|---|
r-devel-linux-x86_64-debian-clang | 0.9.6 | 9.71 | 105.44 | 115.15 | NOTE | |
r-devel-linux-x86_64-debian-gcc | 0.9.6 | NOTE | ||||
r-devel-linux-x86_64-fedora-clang | 0.9.6 | 141.63 | NOTE | |||
r-devel-linux-x86_64-fedora-gcc | 0.9.6 | 149.77 | NOTE | |||
r-prerel-macos-arm64 | 0.9.6 | 54.00 | NOTE | |||
r-prerel-windows-x86_64 | 0.9.6 | 9.00 | 106.00 | 115.00 | NOTE | |
r-patched-linux-x86_64 | 0.9.6 | 7.13 | 100.77 | 107.90 | NOTE | |
r-release-linux-x86_64 | 0.9.6 | 5.60 | 98.81 | 104.41 | OK | |
r-release-macos-arm64 | 0.9.6 | 55.00 | OK | |||
r-release-macos-x86_64 | 0.9.6 | 86.00 | OK | |||
r-release-windows-x86_64 | 0.9.6 | 11.00 | 121.00 | 132.00 | OK | |
r-oldrel-macos-arm64 | 0.9.6 | 42.00 | OK | |||
r-oldrel-windows-x86_64 | 0.9.6 | 11.00 | 114.00 | 125.00 | OK |
Version: 0.9.6
Check: Rd files
Result: NOTE
checkRd: (-1) vectors3d.Rd:86: Lost braces
86 | \code{\link{arrows3d}}, code{\link[rgl]{texts3d}}, code{\link[rgl]{rgl.material}}
| ^
checkRd: (-1) vectors3d.Rd:86: Lost braces
86 | \code{\link{arrows3d}}, code{\link[rgl]{texts3d}}, code{\link[rgl]{rgl.material}}
| ^
Flavors: r-devel-linux-x86_64-debian-clang, r-devel-linux-x86_64-debian-gcc, r-devel-linux-x86_64-fedora-clang, r-devel-linux-x86_64-fedora-gcc, r-prerel-macos-arm64, r-prerel-windows-x86_64, r-patched-linux-x86_64