Last updated on 2023-02-04 10:54:39 CET.
Flavor | Version | Tinstall | Tcheck | Ttotal | Status | Flags |
---|---|---|---|---|---|---|
r-devel-linux-x86_64-debian-clang | 0.1.1 | 3.60 | 43.45 | 47.05 | NOTE | |
r-devel-linux-x86_64-debian-gcc | 0.1.1 | 2.33 | 32.66 | 34.99 | NOTE | |
r-devel-linux-x86_64-fedora-clang | 0.1.1 | 59.07 | NOTE | |||
r-devel-linux-x86_64-fedora-gcc | 0.1.1 | 66.84 | NOTE | |||
r-devel-windows-x86_64 | 0.1.1 | 17.00 | 74.00 | 91.00 | NOTE | |
r-patched-linux-x86_64 | 0.1.1 | 2.99 | 41.77 | 44.76 | NOTE | |
r-release-linux-x86_64 | 0.1.1 | 3.71 | 42.10 | 45.81 | NOTE | |
r-release-macos-arm64 | 0.1.1 | 24.00 | NOTE | |||
r-release-macos-x86_64 | 0.1.1 | 29.00 | NOTE | |||
r-release-windows-x86_64 | 0.1.1 | 18.00 | 77.00 | 95.00 | NOTE | |
r-oldrel-macos-arm64 | 0.1.1 | 24.00 | NOTE | |||
r-oldrel-macos-x86_64 | 0.1.1 | 29.00 | NOTE | |||
r-oldrel-windows-ix86+x86_64 | 0.1.1 | 9.00 | 81.00 | 90.00 | NOTE |
Version: 0.1.1
Check: LazyData
Result: NOTE
'LazyData' is specified without a 'data' directory
Flavors: r-devel-linux-x86_64-debian-clang, r-devel-linux-x86_64-debian-gcc, r-devel-linux-x86_64-fedora-clang, r-devel-linux-x86_64-fedora-gcc, r-devel-windows-x86_64, r-patched-linux-x86_64, r-release-linux-x86_64, r-release-macos-arm64, r-release-macos-x86_64, r-release-windows-x86_64, r-oldrel-macos-arm64, r-oldrel-macos-x86_64, r-oldrel-windows-ix86+x86_64