CRAN Package Check Results for Package mastif

Last updated on 2022-10-04 10:49:37 CEST.

Flavor Version Tinstall Tcheck Ttotal Status Flags
r-devel-linux-x86_64-debian-clang 1.0.1 64.88 132.13 197.01 NOTE
r-devel-linux-x86_64-debian-gcc 1.0.1 52.55 93.11 145.66 NOTE
r-devel-linux-x86_64-fedora-clang 1.0.1 258.95 NOTE
r-devel-linux-x86_64-fedora-gcc 1.0.1 242.07 NOTE
r-devel-windows-x86_64 1.0.1 59.00 159.00 218.00 NOTE
r-patched-linux-x86_64 1.0.1 55.88 120.86 176.74 NOTE
r-release-linux-x86_64 1.0.1 59.56 119.69 179.25 NOTE
r-release-macos-arm64 1.0.1 56.00 NOTE
r-release-macos-x86_64 1.0.1 74.00 NOTE
r-release-windows-x86_64 1.0.1 62.00 156.00 218.00 NOTE
r-oldrel-macos-arm64 1.0.1 67.00 NOTE
r-oldrel-macos-x86_64 1.0.1 83.00 NOTE
r-oldrel-windows-ix86+x86_64 1.0.1 129.00 178.00 307.00 NOTE

Check Details

Version: 1.0.1
Check: LazyData
Result: NOTE
     'LazyData' is specified without a 'data' directory
Flavors: r-devel-linux-x86_64-debian-clang, r-devel-linux-x86_64-debian-gcc, r-devel-linux-x86_64-fedora-clang, r-devel-linux-x86_64-fedora-gcc, r-devel-windows-x86_64, r-patched-linux-x86_64, r-release-linux-x86_64, r-release-macos-arm64, r-release-macos-x86_64, r-release-windows-x86_64, r-oldrel-macos-arm64, r-oldrel-macos-x86_64, r-oldrel-windows-ix86+x86_64