CRAN Package Check Results for Package markmyassignment

Last updated on 2020-09-27 09:47:26 CEST.

Flavor Version Tinstall Tcheck Ttotal Status Flags
r-devel-linux-x86_64-debian-clang 0.8.3 3.45 41.09 44.54 OK
r-devel-linux-x86_64-debian-gcc 0.8.3 2.52 31.29 33.81 OK
r-devel-linux-x86_64-fedora-clang 0.8.3 61.19 NOTE
r-devel-linux-x86_64-fedora-gcc 0.8.3 73.10 NOTE
r-devel-windows-ix86+x86_64 0.8.3 7.00 97.00 104.00 OK
r-patched-linux-x86_64 0.8.3 3.00 39.88 42.88 OK
r-patched-solaris-x86 0.8.3 65.70 NOTE
r-release-linux-x86_64 0.8.3 3.37 40.03 43.40 OK
r-release-macos-x86_64 0.8.3 NOTE
r-release-windows-ix86+x86_64 0.8.3 29.00 100.00 129.00 OK
r-oldrel-macos-x86_64 0.8.3 NOTE
r-oldrel-windows-ix86+x86_64 0.8.3 5.00 97.00 102.00 OK

Check Details

Version: 0.8.3
Check: dependencies in R code
Result: NOTE
    Namespace in Imports field not imported from: ‘lazyeval’
     All declared Imports should be used.
Flavors: r-devel-linux-x86_64-fedora-clang, r-devel-linux-x86_64-fedora-gcc, r-patched-solaris-x86, r-release-macos-x86_64, r-oldrel-macos-x86_64