Last updated on 2023-02-07 10:54:02 CET.
Flavor | Version | Tinstall | Tcheck | Ttotal | Status | Flags |
---|---|---|---|---|---|---|
r-devel-linux-x86_64-debian-clang | 1.1.4 | 88.40 | 289.88 | 378.28 | OK | |
r-devel-linux-x86_64-debian-gcc | 1.1.4 | 67.04 | 207.68 | 274.72 | OK | |
r-devel-linux-x86_64-fedora-clang | 1.1.4 | 457.51 | OK | |||
r-devel-linux-x86_64-fedora-gcc | 1.1.4 | 458.07 | OK | |||
r-devel-windows-x86_64 | 1.1.4 | 144.00 | 407.00 | 551.00 | OK | |
r-patched-linux-x86_64 | 1.1.4 | 81.48 | 275.03 | 356.51 | OK | |
r-release-linux-x86_64 | 1.1.4 | 72.08 | 268.80 | 340.88 | OK | |
r-release-macos-arm64 | 1.1.4 | 131.00 | NOTE | |||
r-release-macos-x86_64 | 1.1.4 | 151.00 | NOTE | |||
r-release-windows-x86_64 | 1.1.4 | 134.00 | 425.00 | 559.00 | OK | |
r-oldrel-macos-arm64 | 1.1.4 | 132.00 | NOTE | |||
r-oldrel-macos-x86_64 | 1.1.4 | 158.00 | NOTE | |||
r-oldrel-windows-ix86+x86_64 | 1.1.4 | 145.00 | 454.00 | 599.00 | OK |
Version: 1.1.4
Check: installed package size
Result: NOTE
installed size is 5.6Mb
sub-directories of 1Mb or more:
libs 3.4Mb
Flavors: r-release-macos-arm64, r-release-macos-x86_64, r-oldrel-macos-arm64, r-oldrel-macos-x86_64