CRAN Package Check Results for Package mapview

Last updated on 2020-08-09 09:46:50 CEST.

Flavor Version Tinstall Tcheck Ttotal Status Flags
r-devel-linux-x86_64-debian-clang 2.7.8 19.35 159.72 179.07 OK
r-devel-linux-x86_64-debian-gcc 2.7.8 15.63 122.01 137.64 OK
r-devel-linux-x86_64-fedora-clang 2.7.8 219.67 NOTE
r-devel-linux-x86_64-fedora-gcc 2.7.8 217.03 OK
r-devel-windows-ix86+x86_64 2.7.8 54.00 244.00 298.00 OK
r-patched-linux-x86_64 2.7.8 12.05 156.06 168.11 OK
r-patched-solaris-x86 2.7.8 295.60 OK
r-release-linux-x86_64 2.7.8 18.26 158.47 176.73 OK
r-release-macos-x86_64 2.7.8 OK
r-release-windows-ix86+x86_64 2.7.8 53.00 209.00 262.00 OK
r-oldrel-macos-x86_64 2.7.8 OK
r-oldrel-windows-ix86+x86_64 2.7.8 29.00 159.00 188.00 OK

Check Details

Version: 2.7.8
Check: Rd cross-references
Result: NOTE
    Undeclared packages ‘leafsync’, ‘slideview’ in Rd xrefs
Flavor: r-devel-linux-x86_64-fedora-clang