Last updated on 2024-03-29 11:53:57 CET.
Flavor | Version | Tinstall | Tcheck | Ttotal | Status | Flags |
---|---|---|---|---|---|---|
r-devel-linux-x86_64-debian-clang | 0.3.5 | 274.14 | 71.41 | 345.55 | NOTE | |
r-devel-linux-x86_64-debian-gcc | 0.3.5 | 236.70 | 54.64 | 291.34 | NOTE | |
r-devel-linux-x86_64-fedora-clang | 0.3.5 | 443.46 | NOTE | |||
r-devel-linux-x86_64-fedora-gcc | 0.3.5 | 561.72 | NOTE | |||
r-devel-windows-x86_64 | 0.3.5 | 216.00 | 115.00 | 331.00 | NOTE | |
r-patched-linux-x86_64 | 0.3.5 | 275.81 | 69.39 | 345.20 | NOTE | |
r-release-linux-x86_64 | 0.3.5 | 196.56 | 68.86 | 265.42 | NOTE | |
r-release-macos-arm64 | 0.3.5 | 130.00 | NOTE | |||
r-release-macos-x86_64 | 0.3.5 | 127.00 | NOTE | |||
r-release-windows-x86_64 | 0.3.5 | 255.00 | 134.00 | 389.00 | NOTE | |
r-oldrel-macos-arm64 | 0.3.5 | 122.00 | NOTE | |||
r-oldrel-windows-x86_64 | 0.3.5 | 238.00 | 123.00 | 361.00 | NOTE |
Version: 0.3.5
Check: C++ specification
Result: NOTE
Specified C++14: please drop specification unless essential
Flavors: r-devel-linux-x86_64-debian-clang, r-devel-linux-x86_64-debian-gcc, r-devel-linux-x86_64-fedora-clang, r-devel-linux-x86_64-fedora-gcc, r-devel-windows-x86_64, r-patched-linux-x86_64, r-release-linux-x86_64, r-release-macos-arm64, r-release-macos-x86_64, r-release-windows-x86_64
Version: 0.3.5
Check: installed package size
Result: NOTE
installed size is 9.4Mb
sub-directories of 1Mb or more:
data 1.3Mb
doc 1.6Mb
htmlwidgets 3.6Mb
libs 2.4Mb
Flavors: r-devel-linux-x86_64-fedora-clang, r-devel-windows-x86_64, r-release-macos-arm64, r-release-macos-x86_64, r-release-windows-x86_64, r-oldrel-macos-arm64, r-oldrel-windows-x86_64