CRAN Package Check Results for Package mapdeck

Last updated on 2021-09-22 09:52:33 CEST.

Flavor Version Tinstall Tcheck Ttotal Status Flags
r-devel-linux-x86_64-debian-clang 0.3.4 329.73 56.28 386.01 OK
r-devel-linux-x86_64-debian-gcc 0.3.4 260.68 43.07 303.75 OK
r-devel-linux-x86_64-fedora-clang 0.3.4 524.23 NOTE
r-devel-linux-x86_64-fedora-gcc 0.3.4 559.04 OK
r-devel-windows-x86_64 0.3.4 272.00 73.00 345.00 NOTE
r-devel-windows-x86_64-gcc10-UCRT 0.3.4 ERROR
r-patched-linux-x86_64 0.3.4 290.32 54.18 344.50 OK
r-patched-solaris-x86 0.3.4 424.30 NOTE
r-release-linux-x86_64 0.3.4 295.23 54.78 350.01 OK
r-release-macos-arm64 0.3.4 NOTE
r-release-macos-x86_64 0.3.4 NOTE
r-release-windows-ix86+x86_64 0.3.4 653.00 91.00 744.00 NOTE
r-oldrel-macos-x86_64 0.3.4 NOTE
r-oldrel-windows-ix86+x86_64 0.3.4 500.00 91.00 591.00 NOTE

Check Details

Version: 0.3.4
Check: installed package size
Result: NOTE
     installed size is 35.2Mb
     sub-directories of 1Mb or more:
     data 1.3Mb
     doc 1.6Mb
     htmlwidgets 2.3Mb
     libs 29.6Mb
Flavors: r-devel-linux-x86_64-fedora-clang, r-devel-windows-x86_64, r-patched-solaris-x86, r-release-macos-arm64, r-release-macos-x86_64, r-release-windows-ix86+x86_64, r-oldrel-macos-x86_64, r-oldrel-windows-ix86+x86_64

Version: 0.3.4
Check: package dependencies
Result: NOTE
    Package suggested but not available for checking: 'googleway'
Flavor: r-devel-windows-x86_64-gcc10-UCRT

Version: 0.3.4
Check: whether package can be installed
Result: ERROR
    Installation failed.
Flavor: r-devel-windows-x86_64-gcc10-UCRT