CRAN Package Check Results for Package magrittr

Last updated on 2020-07-14 10:48:49 CEST.

Flavor Version Tinstall Tcheck Ttotal Status Flags
r-devel-linux-x86_64-debian-clang 1.5 2.20 24.36 26.56 OK
r-devel-linux-x86_64-debian-gcc 1.5 1.54 19.26 20.80 OK
r-devel-linux-x86_64-fedora-clang 1.5 41.33 OK
r-devel-linux-x86_64-fedora-gcc 1.5 33.21 OK
r-devel-windows-ix86+x86_64 1.5 10.00 50.00 60.00 OK
r-patched-linux-x86_64 1.5 1.49 24.53 26.02 OK
r-patched-solaris-x86 1.5 50.70 OK
r-release-linux-x86_64 1.5 1.49 24.26 25.75 OK
r-release-macos-x86_64 1.5 ERROR
r-release-windows-ix86+x86_64 1.5 10.00 35.00 45.00 OK
r-oldrel-macos-x86_64 1.5 OK
r-oldrel-windows-ix86+x86_64 1.5 28.00 57.00 85.00 OK

Check Details

Version: 1.5
Check: PDF version of manual
Result: WARN
    LaTeX errors when creating PDF version.
    This typically indicates Rd problems.
Flavor: r-release-macos-x86_64

Version: 1.5
Check: PDF version of manual without hyperrefs or index
Result: ERROR
    Re-running with no redirection of stdout/stderr.
Flavor: r-release-macos-x86_64