Last updated on 2022-07-06 09:52:59 CEST.
Flavor | Version | Tinstall | Tcheck | Ttotal | Status | Flags |
---|---|---|---|---|---|---|
r-devel-linux-x86_64-debian-clang | 0.2.0 | 25.39 | 178.94 | 204.33 | OK | |
r-devel-linux-x86_64-debian-gcc | 0.2.0 | 16.88 | 136.87 | 153.75 | OK | |
r-devel-linux-x86_64-fedora-clang | 0.2.0 | 252.99 | NOTE | |||
r-devel-linux-x86_64-fedora-gcc | 0.2.0 | 248.44 | NOTE | |||
r-devel-windows-x86_64 | 0.2.0 | 26.00 | 232.00 | 258.00 | OK | |
r-patched-linux-x86_64 | 0.2.0 | 28.23 | 167.65 | 195.88 | OK | |
r-release-linux-x86_64 | 0.2.0 | 19.17 | 168.78 | 187.95 | OK | |
r-release-macos-arm64 | 0.2.0 | 68.00 | NOTE | |||
r-release-macos-x86_64 | 0.2.0 | 114.00 | NOTE | |||
r-release-windows-x86_64 | 0.2.0 | 27.00 | 207.00 | 234.00 | OK | |
r-oldrel-macos-arm64 | 0.2.0 | 60.00 | NOTE | |||
r-oldrel-macos-x86_64 | 0.2.0 | 130.00 | NOTE | |||
r-oldrel-windows-ix86+x86_64 | 0.2.0 | 49.00 | 187.00 | 236.00 | OK |
Version: 0.2.0
Check: dependencies in R code
Result: NOTE
Namespace in Imports field not imported from: ‘mathjaxr’
All declared Imports should be used.
Flavors: r-devel-linux-x86_64-fedora-clang, r-devel-linux-x86_64-fedora-gcc, r-release-macos-arm64, r-release-macos-x86_64, r-oldrel-macos-arm64, r-oldrel-macos-x86_64