CRAN Package Check Results for Package lucid

Last updated on 2020-08-10 10:03:07 CEST.

Flavor Version Tinstall Tcheck Ttotal Status Flags
r-devel-linux-x86_64-debian-clang 1.7 2.44 36.04 38.48 OK
r-devel-linux-x86_64-debian-gcc 1.7 1.79 28.17 29.96 OK
r-devel-linux-x86_64-fedora-clang 1.7 55.98 OK
r-devel-linux-x86_64-fedora-gcc 1.7 46.92 OK
r-devel-windows-ix86+x86_64 1.7 9.00 74.00 83.00 WARN
r-patched-linux-x86_64 1.7 2.13 35.64 37.77 OK
r-patched-solaris-x86 1.7 74.90 OK
r-release-linux-x86_64 1.7 2.16 36.08 38.24 OK
r-release-macos-x86_64 1.7 OK
r-release-windows-ix86+x86_64 1.7 8.00 52.00 60.00 WARN
r-oldrel-macos-x86_64 1.7 OK
r-oldrel-windows-ix86+x86_64 1.7 5.00 50.00 55.00 OK

Check Details

Version: 1.7
Check: for unstated dependencies in ‘tests’
Result: WARN
    Warning: unable to access index for repository https://CRAN.R-project.org/src/contrib:
     cannot open URL 'https://CRAN.R-project.org/src/contrib/PACKAGES'
Flavors: r-devel-windows-ix86+x86_64, r-release-windows-ix86+x86_64