CRAN Package Check Results for Package lslx

Last updated on 2020-08-04 09:48:32 CEST.

Flavor Version Tinstall Tcheck Ttotal Status Flags
r-devel-linux-x86_64-debian-clang 0.6.10 167.66 80.48 248.14 OK
r-devel-linux-x86_64-debian-gcc 0.6.10 146.27 64.96 211.23 OK
r-devel-linux-x86_64-fedora-clang 0.6.10 357.33 NOTE
r-devel-linux-x86_64-fedora-gcc 0.6.10 343.72 NOTE
r-devel-windows-ix86+x86_64 0.6.10 367.00 122.00 489.00 NOTE
r-patched-linux-x86_64 0.6.10 161.62 82.58 244.20 OK
r-patched-solaris-x86 0.6.10 321.40 NOTE
r-release-linux-x86_64 0.6.10 159.31 82.34 241.65 OK
r-release-macos-x86_64 0.6.10 NOTE
r-release-windows-ix86+x86_64 0.6.10 368.00 121.00 489.00 NOTE
r-oldrel-macos-x86_64 0.6.10 NOTE
r-oldrel-windows-ix86+x86_64 0.6.10 255.00 109.00 364.00 OK

Check Details

Version: 0.6.10
Check: installed package size
Result: NOTE
     installed size is 51.6Mb
     sub-directories of 1Mb or more:
     doc 1.6Mb
     libs 49.4Mb
Flavors: r-devel-linux-x86_64-fedora-clang, r-devel-windows-ix86+x86_64, r-release-macos-x86_64, r-release-windows-ix86+x86_64, r-oldrel-macos-x86_64

Version: 0.6.10
Check: dependencies in R code
Result: NOTE
    Namespace in Imports field not imported from: ‘lavaan’
     All declared Imports should be used.
Flavors: r-devel-linux-x86_64-fedora-clang, r-devel-linux-x86_64-fedora-gcc, r-patched-solaris-x86, r-release-macos-x86_64, r-oldrel-macos-x86_64