Last updated on 2024-04-18 10:49:53 CEST.
Flavor | Version | Tinstall | Tcheck | Ttotal | Status | Flags |
---|---|---|---|---|---|---|
r-devel-linux-x86_64-debian-clang | 5.0 | 11.75 | 106.06 | 117.81 | NOTE | |
r-devel-linux-x86_64-debian-gcc | 5.0 | 11.18 | 75.65 | 86.83 | NOTE | |
r-devel-linux-x86_64-fedora-clang | 5.0 | 146.26 | NOTE | |||
r-devel-linux-x86_64-fedora-gcc | 5.0 | 139.49 | NOTE | |||
r-prerel-macos-arm64 | 5.0 | 40.00 | NOTE | |||
r-prerel-windows-x86_64 | 5.0 | 13.00 | 84.00 | 97.00 | NOTE | |
r-patched-linux-x86_64 | 5.0 | 14.75 | 98.24 | 112.99 | NOTE | |
r-release-linux-x86_64 | 5.0 | 12.93 | 100.56 | 113.49 | OK | |
r-release-macos-arm64 | 5.0 | 47.00 | OK | |||
r-release-macos-x86_64 | 5.0 | 72.00 | OK | |||
r-release-windows-x86_64 | 5.0 | 17.00 | 104.00 | 121.00 | OK | |
r-oldrel-macos-arm64 | 5.0 | 39.00 | OK | |||
r-oldrel-windows-x86_64 | 5.0 | 19.00 | 113.00 | 132.00 | OK |
Version: 5.0
Check: Rd files
Result: NOTE
checkRd: (-1) SKD.Rd:76: Lost braces; missing escapes or markup?
76 | \author{Christian E. Galarza <\email{cgalarza88@gmail.com}>, {Luis Benites} <\email{lsanchez@ime.usp.br}> and
| ^
checkRd: (-1) best.lqr.Rd:66: Lost braces; missing escapes or markup?
66 | \author{Christian E. Galarza <\email{cgalarza88@gmail.com}>, {Luis Benites} <\email{lsanchez@ime.usp.br}> and
| ^
checkRd: (-1) cens.lqr.Rd:70: Lost braces; missing escapes or markup?
70 | \author{Christian E. Galarza <\email{chedgala@espol.edu.ec}>, {Marcelo Bourguignon} <\email{m.p.bourguignon@gmail.com}> and
| ^
checkRd: (-1) logbestlqr.Rd:86: Lost braces; missing escapes or markup?
86 | \author{Christian E. Galarza <\email{cgalarza88@gmail.com}>, {Luis Benites} <\email{lsanchez@ime.usp.br}> and
| ^
checkRd: (-1) loglqr.Rd:98: Lost braces; missing escapes or markup?
98 | \author{Christian E. Galarza <\email{cgalarza88@gmail.com}>, {Luis Benites} <\email{lsanchez@ime.usp.br}> and
| ^
checkRd: (-1) lqr-package.Rd:22: Lost braces; missing escapes or markup?
22 | \author{Christian E. Galarza <\email{cgalarza88@gmail.com}>, {Luis Benites} <\email{lsanchez@ime.usp.br}> and
| ^
checkRd: (-1) lqr.Rd:83: Lost braces; missing escapes or markup?
83 | \author{Christian E. Galarza <\email{cgalarza88@gmail.com}>, {Luis Benites} <\email{lsanchez@ime.usp.br}> and
| ^
Flavors: r-devel-linux-x86_64-debian-clang, r-devel-linux-x86_64-debian-gcc, r-devel-linux-x86_64-fedora-clang, r-devel-linux-x86_64-fedora-gcc, r-prerel-macos-arm64, r-prerel-windows-x86_64, r-patched-linux-x86_64