CRAN Package Check Results for Package lorentz

Last updated on 2022-12-05 09:51:22 CET.

Flavor Version Tinstall Tcheck Ttotal Status Flags
r-devel-linux-x86_64-debian-clang 1.0-5 3.17 51.96 55.13 NOTE
r-devel-linux-x86_64-debian-gcc 1.0-5 2.57 40.01 42.58 NOTE
r-devel-linux-x86_64-fedora-clang 1.0-5 79.58 NOTE
r-devel-linux-x86_64-fedora-gcc 1.0-5 92.10 NOTE
r-devel-windows-x86_64 1.0-5 37.00 104.00 141.00 NOTE
r-patched-linux-x86_64 1.0-5 4.24 47.45 51.69 NOTE
r-release-linux-x86_64 1.0-5 3.42 48.92 52.34 NOTE
r-release-macos-arm64 1.0-5 25.00 NOTE
r-release-macos-x86_64 1.0-5 37.00 NOTE
r-release-windows-x86_64 1.0-5 36.00 106.00 142.00 NOTE
r-oldrel-macos-arm64 1.0-5 29.00 NOTE
r-oldrel-macos-x86_64 1.0-5 54.00 NOTE
r-oldrel-windows-ix86+x86_64 1.0-5 8.00 82.00 90.00 NOTE

Check Details

Version: 1.0-5
Check: LazyData
Result: NOTE
     'LazyData' is specified without a 'data' directory
Flavors: r-devel-linux-x86_64-debian-clang, r-devel-linux-x86_64-debian-gcc, r-devel-linux-x86_64-fedora-clang, r-devel-linux-x86_64-fedora-gcc, r-devel-windows-x86_64, r-patched-linux-x86_64, r-release-linux-x86_64, r-release-macos-arm64, r-release-macos-x86_64, r-release-windows-x86_64, r-oldrel-macos-arm64, r-oldrel-macos-x86_64, r-oldrel-windows-ix86+x86_64