CRAN Package Check Results for Package lolR

Last updated on 2023-02-06 09:55:49 CET.

Flavor Version Tinstall Tcheck Ttotal Status Flags
r-devel-linux-x86_64-debian-clang 2.1 10.31 267.27 277.58 NOTE
r-devel-linux-x86_64-debian-gcc 2.1 9.39 190.10 199.49 NOTE
r-devel-linux-x86_64-fedora-clang 2.1 326.18 NOTE
r-devel-linux-x86_64-fedora-gcc 2.1 358.54 NOTE
r-devel-windows-x86_64 2.1 39.00 328.00 367.00 NOTE
r-patched-linux-x86_64 2.1 11.84 241.11 252.95 NOTE
r-release-linux-x86_64 2.1 10.58 209.01 219.59 NOTE
r-release-macos-arm64 2.1 98.00 NOTE
r-release-macos-x86_64 2.1 162.00 NOTE
r-release-windows-x86_64 2.1 27.00 296.00 323.00 NOTE
r-oldrel-macos-arm64 2.1 170.00 NOTE
r-oldrel-macos-x86_64 2.1 168.00 NOTE
r-oldrel-windows-ix86+x86_64 2.1 24.00 282.00 306.00 NOTE

Check Details

Version: 2.1
Check: LazyData
Result: NOTE
     'LazyData' is specified without a 'data' directory
Flavors: r-devel-linux-x86_64-debian-clang, r-devel-linux-x86_64-debian-gcc, r-devel-linux-x86_64-fedora-clang, r-devel-linux-x86_64-fedora-gcc, r-devel-windows-x86_64, r-patched-linux-x86_64, r-release-linux-x86_64, r-release-macos-arm64, r-release-macos-x86_64, r-release-windows-x86_64, r-oldrel-macos-arm64, r-oldrel-macos-x86_64, r-oldrel-windows-ix86+x86_64

Version: 2.1
Check: dependencies in R code
Result: NOTE
    Namespace in Imports field not imported from: ‘ggplot2’
     All declared Imports should be used.
Flavors: r-devel-linux-x86_64-fedora-clang, r-devel-linux-x86_64-fedora-gcc, r-release-macos-arm64, r-release-macos-x86_64, r-oldrel-macos-arm64, r-oldrel-macos-x86_64