Last updated on 2024-04-18 10:49:53 CEST.
Flavor | Version | Tinstall | Tcheck | Ttotal | Status | Flags |
---|---|---|---|---|---|---|
r-devel-linux-x86_64-debian-clang | 0.3.0 | 3.52 | 66.22 | 69.74 | OK | |
r-devel-linux-x86_64-debian-gcc | 0.3.0 | 2.52 | 51.08 | 53.60 | OK | |
r-devel-linux-x86_64-fedora-clang | 0.3.0 | 89.98 | OK | |||
r-devel-linux-x86_64-fedora-gcc | 0.3.0 | 101.73 | OK | |||
r-prerel-macos-arm64 | 0.3.0 | 41.00 | OK | |||
r-prerel-macos-x86_64 | 0.3.0 | 96.00 | OK | |||
r-prerel-windows-x86_64 | 0.3.0 | 4.00 | 84.00 | 88.00 | NOTE | |
r-patched-linux-x86_64 | 0.3.0 | 5.35 | 65.12 | 70.47 | OK | |
r-release-linux-x86_64 | 0.3.0 | 3.49 | 64.18 | 67.67 | OK | |
r-release-macos-arm64 | 0.3.0 | 74.00 | OK | |||
r-release-macos-x86_64 | 0.3.0 | 98.00 | OK | |||
r-release-windows-x86_64 | 0.3.0 | 4.00 | 93.00 | 97.00 | NOTE | |
r-oldrel-macos-arm64 | 0.3.0 | 54.00 | OK | |||
r-oldrel-windows-x86_64 | 0.3.0 | 7.00 | 88.00 | 95.00 | NOTE |
Version: 0.3.0
Check: package dependencies
Result: NOTE
Package suggested but not available for checking: 'rsyslog'
Flavors: r-prerel-windows-x86_64, r-release-windows-x86_64, r-oldrel-windows-x86_64