CRAN Package Check Results for Package log

Last updated on 2023-01-29 11:07:39 CET.

Flavor Version Tinstall Tcheck Ttotal Status Flags
r-devel-linux-x86_64-debian-clang 1.1.1 3.81 28.25 32.06 OK
r-devel-linux-x86_64-debian-gcc 1.1.1 3.39 22.36 25.75 OK
r-devel-linux-x86_64-fedora-clang 1.1.1 41.51 NOTE
r-devel-linux-x86_64-fedora-gcc 1.1.1 39.84 NOTE
r-devel-windows-x86_64 1.1.1 18.00 59.00 77.00 OK
r-patched-linux-x86_64 1.1.1 3.70 27.23 30.93 OK
r-release-linux-x86_64 1.1.1 3.53 27.97 31.50 OK
r-release-macos-arm64 1.1.1 17.00 NOTE
r-release-macos-x86_64 1.1.1 27.00 NOTE
r-release-windows-x86_64 1.1.1 13.00 56.00 69.00 OK
r-oldrel-macos-arm64 1.1.1 21.00 NOTE
r-oldrel-macos-x86_64 1.1.1 23.00 NOTE
r-oldrel-windows-ix86+x86_64 1.1.1 8.00 57.00 65.00 OK

Check Details

Version: 1.1.1
Check: dependencies in R code
Result: NOTE
    Namespace in Imports field not imported from: ‘R6’
     All declared Imports should be used.
Flavors: r-devel-linux-x86_64-fedora-clang, r-devel-linux-x86_64-fedora-gcc, r-release-macos-arm64, r-release-macos-x86_64, r-oldrel-macos-arm64, r-oldrel-macos-x86_64