CRAN Package Check Results for Package locpolExpectile

Last updated on 2023-01-31 10:52:14 CET.

Flavor Version Tinstall Tcheck Ttotal Status Flags
r-devel-linux-x86_64-debian-clang 0.1.1 17.73 157.21 174.94 OK
r-devel-linux-x86_64-debian-gcc 0.1.1 13.44 113.16 126.60 OK
r-devel-linux-x86_64-fedora-clang 0.1.1 219.09 NOTE
r-devel-linux-x86_64-fedora-gcc 0.1.1 210.94 NOTE
r-devel-windows-x86_64 0.1.1 59.00 204.00 263.00 OK
r-patched-linux-x86_64 0.1.1 17.20 146.39 163.59 OK
r-release-linux-x86_64 0.1.1 14.90 148.18 163.08 OK
r-release-macos-arm64 0.1.1 65.00 NOTE
r-release-macos-x86_64 0.1.1 125.00 NOTE
r-release-windows-x86_64 0.1.1 61.00 217.00 278.00 OK
r-oldrel-macos-arm64 0.1.1 68.00 NOTE
r-oldrel-macos-x86_64 0.1.1 79.00 NOTE
r-oldrel-windows-ix86+x86_64 0.1.1 56.00 227.00 283.00 OK

Check Details

Version: 0.1.1
Check: dependencies in R code
Result: NOTE
    Namespace in Imports field not imported from: ‘lestat’
     All declared Imports should be used.
Flavors: r-devel-linux-x86_64-fedora-clang, r-devel-linux-x86_64-fedora-gcc, r-release-macos-arm64, r-release-macos-x86_64, r-oldrel-macos-arm64, r-oldrel-macos-x86_64