CRAN Package Check Results for Package locpol

Last updated on 2022-11-27 09:53:32 CET.

Flavor Version Tinstall Tcheck Ttotal Status Flags
r-devel-linux-x86_64-debian-clang 0.7-0 4.12 35.95 40.07 WARN
r-devel-linux-x86_64-debian-gcc 0.7-0 3.32 26.69 30.01 WARN
r-devel-linux-x86_64-fedora-clang 0.7-0 59.80 WARN
r-devel-linux-x86_64-fedora-gcc 0.7-0 61.54 WARN
r-devel-windows-x86_64 0.7-0 28.00 69.00 97.00 NOTE
r-patched-linux-x86_64 0.7-0 4.65 32.73 37.38 OK
r-release-linux-x86_64 0.7-0 3.90 33.22 37.12 OK
r-release-macos-arm64 0.7-0 20.00 OK
r-release-macos-x86_64 0.7-0 27.00 OK
r-release-windows-x86_64 0.7-0 12.00 63.00 75.00 OK
r-oldrel-macos-arm64 0.7-0 24.00 OK
r-oldrel-macos-x86_64 0.7-0 35.00 OK
r-oldrel-windows-ix86+x86_64 0.7-0 12.00 56.00 68.00 OK

Check Details

Version: 0.7-0
Check: whether package can be installed
Result: WARN
    Found the following significant warnings:
     locpol.c:101:25: warning: a function declaration without a prototype is deprecated in all versions of C [-Wstrict-prototypes]
     locpol.c:148:24: warning: passing arguments to a function without a prototype is deprecated in all versions of C and is not supported in C2x [-Wdeprecated-non-prototype]
     locpol.c:148:36: warning: passing arguments to a function without a prototype is deprecated in all versions of C and is not supported in C2x [-Wdeprecated-non-prototype]
     locpol.c:192:30: warning: passing arguments to a function without a prototype is deprecated in all versions of C and is not supported in C2x [-Wdeprecated-non-prototype]
     locpol.c:230:37: warning: passing arguments to a function without a prototype is deprecated in all versions of C and is not supported in C2x [-Wdeprecated-non-prototype]
     locpol.c:293:33: warning: passing arguments to a function without a prototype is deprecated in all versions of C and is not supported in C2x [-Wdeprecated-non-prototype]
     locpol.c:294:26: warning: passing arguments to a function without a prototype is deprecated in all versions of C and is not supported in C2x [-Wdeprecated-non-prototype]
     locpol.c:333:40: warning: passing arguments to a function without a prototype is deprecated in all versions of C and is not supported in C2x [-Wdeprecated-non-prototype]
     locpol.c:377:27: warning: passing arguments to a function without a prototype is deprecated in all versions of C and is not supported in C2x [-Wdeprecated-non-prototype]
     locpol.c:425:27: warning: passing arguments to a function without a prototype is deprecated in all versions of C and is not supported in C2x [-Wdeprecated-non-prototype]
     locpol.c:432:17: warning: passing arguments to a function without a prototype is deprecated in all versions of C and is not supported in C2x [-Wdeprecated-non-prototype]
     locpol.c:485:27: warning: passing arguments to a function without a prototype is deprecated in all versions of C and is not supported in C2x [-Wdeprecated-non-prototype]
     locpol.c:587:27: warning: passing arguments to a function without a prototype is deprecated in all versions of C and is not supported in C2x [-Wdeprecated-non-prototype]
     locpol.c:690:28: warning: passing arguments to a function without a prototype is deprecated in all versions of C and is not supported in C2x [-Wdeprecated-non-prototype]
     locpol.c:783:23: warning: passing arguments to a function without a prototype is deprecated in all versions of C and is not supported in C2x [-Wdeprecated-non-prototype]
     locpol.c:915:34: warning: passing arguments to a function without a prototype is deprecated in all versions of C and is not supported in C2x [-Wdeprecated-non-prototype]
     locpol.c:959:32: warning: passing arguments to a function without a prototype is deprecated in all versions of C and is not supported in C2x [-Wdeprecated-non-prototype]
     locpol.c:960:43: warning: passing arguments to a function without a prototype is deprecated in all versions of C and is not supported in C2x [-Wdeprecated-non-prototype]
     locpol.c:1010:27: warning: passing arguments to a function without a prototype is deprecated in all versions of C and is not supported in C2x [-Wdeprecated-non-prototype]
     locpol.c:1020:27: warning: passing arguments to a function without a prototype is deprecated in all versions of C and is not supported in C2x [-Wdeprecated-non-prototype]
Flavors: r-devel-linux-x86_64-debian-clang, r-devel-linux-x86_64-fedora-clang

Version: 0.7-0
Check: Rd files
Result: NOTE
    checkRd: (-1) KernelChars.Rd:41: Escaped LaTeX specials: \&
    checkRd: (-1) Kernels.Rd:41: Escaped LaTeX specials: \&
    checkRd: (-1) PRDenEstC.Rd:33: Escaped LaTeX specials: \&
    checkRd: (-1) compKernVals.Rd:47: Escaped LaTeX specials: \&
    checkRd: (-1) denCVBwSelC.Rd:30: Escaped LaTeX specials: \&
    checkRd: (-1) equivKernel.Rd:31: Escaped LaTeX specials: \&
    checkRd: (-1) kernelCtes.Rd:32: Escaped LaTeX specials: \&
    checkRd: (-1) locPolWeights.Rd:52: Escaped LaTeX specials: \&
    checkRd: (-1) locpol.Rd:69: Escaped LaTeX specials: \&
    checkRd: (-1) locpol.Rd:82: Escaped LaTeX specials: \&
    checkRd: (-1) locpolSmoothers.Rd:54: Escaped LaTeX specials: \&
    checkRd: (-1) pluginBw.Rd:29: Escaped LaTeX specials: \&
    checkRd: (-1) regCVBwSelC.Rd:33: Escaped LaTeX specials: \&
    checkRd: (-1) thumbBw.Rd:40: Escaped LaTeX specials: \&
Flavors: r-devel-linux-x86_64-debian-clang, r-devel-linux-x86_64-debian-gcc, r-devel-linux-x86_64-fedora-clang, r-devel-linux-x86_64-fedora-gcc, r-devel-windows-x86_64

Version: 0.7-0
Check: whether package can be installed
Result: WARN
    Found the following significant warnings:
     locpol.c:101:1: warning: function declaration isn’t a prototype [-Wstrict-prototypes]
Flavors: r-devel-linux-x86_64-debian-gcc, r-devel-linux-x86_64-fedora-gcc