CRAN Package Check Results for Package localgauss

Last updated on 2022-07-04 10:52:16 CEST.

Flavor Version Tinstall Tcheck Ttotal Status Flags
r-devel-linux-x86_64-debian-clang 0.41 8.31 58.48 66.79 OK
r-devel-linux-x86_64-debian-gcc 0.41 6.14 43.84 49.98 OK
r-devel-linux-x86_64-fedora-clang 0.41 89.24 NOTE
r-devel-linux-x86_64-fedora-gcc 0.41 87.53 NOTE
r-devel-windows-x86_64 0.41 24.00 86.00 110.00 OK
r-patched-linux-x86_64 0.41 6.57 54.93 61.50 OK
r-release-linux-x86_64 0.41 6.57 55.95 62.52 OK
r-release-macos-arm64 0.41 33.00 OK
r-release-macos-x86_64 0.41 46.00 OK
r-release-windows-x86_64 0.41 27.00 89.00 116.00 OK
r-oldrel-macos-arm64 0.41 33.00 OK
r-oldrel-macos-x86_64 0.41 39.00 OK
r-oldrel-windows-ix86+x86_64 0.41 25.00 108.00 133.00 OK

Check Details

Version: 0.41
Check: compiled code
Result: NOTE
    File ‘localgauss/libs/localgauss.so’:
     Found no calls to: ‘R_registerRoutines’, ‘R_useDynamicSymbols’
    
    It is good practice to register native routines and to disable symbol
    search.
    
    See ‘Writing portable packages’ in the ‘Writing R Extensions’ manual.
Flavors: r-devel-linux-x86_64-fedora-clang, r-devel-linux-x86_64-fedora-gcc