CRAN Package Check Results for Package lmviz

Last updated on 2023-01-29 11:07:39 CET.

Flavor Version Tinstall Tcheck Ttotal Status Flags
r-devel-linux-x86_64-debian-clang 0.2.0 9.74 92.19 101.93 NOTE
r-devel-linux-x86_64-debian-gcc 0.2.0 8.35 70.69 79.04 NOTE
r-devel-linux-x86_64-fedora-clang 0.2.0 125.53 NOTE
r-devel-linux-x86_64-fedora-gcc 0.2.0 125.92 NOTE
r-devel-windows-x86_64 0.2.0 25.00 123.00 148.00 NOTE
r-patched-linux-x86_64 0.2.0 11.06 88.15 99.21 NOTE
r-release-linux-x86_64 0.2.0 11.82 89.49 101.31 NOTE
r-release-macos-arm64 0.2.0 36.00 NOTE
r-release-macos-x86_64 0.2.0 65.00 NOTE
r-release-windows-x86_64 0.2.0 22.00 118.00 140.00 NOTE
r-oldrel-macos-arm64 0.2.0 49.00 NOTE
r-oldrel-macos-x86_64 0.2.0 71.00 NOTE
r-oldrel-windows-ix86+x86_64 0.2.0 29.00 117.00 146.00 NOTE

Check Details

Version: 0.2.0
Check: LazyData
Result: NOTE
     'LazyData' is specified without a 'data' directory
Flavors: r-devel-linux-x86_64-debian-clang, r-devel-linux-x86_64-debian-gcc, r-devel-linux-x86_64-fedora-clang, r-devel-linux-x86_64-fedora-gcc, r-devel-windows-x86_64, r-patched-linux-x86_64, r-release-linux-x86_64, r-release-macos-arm64, r-release-macos-x86_64, r-release-windows-x86_64, r-oldrel-macos-arm64, r-oldrel-macos-x86_64, r-oldrel-windows-ix86+x86_64

Version: 0.2.0
Check: dependencies in R code
Result: NOTE
    Namespace in Imports field not imported from: ‘shinyjs’
     All declared Imports should be used.
Flavors: r-devel-linux-x86_64-fedora-clang, r-devel-linux-x86_64-fedora-gcc, r-release-macos-arm64, r-release-macos-x86_64, r-oldrel-macos-arm64, r-oldrel-macos-x86_64