CRAN Package Check Results for Package lmds

Last updated on 2022-07-06 09:52:59 CEST.

Flavor Version Tinstall Tcheck Ttotal Status Flags
r-devel-linux-x86_64-debian-clang 0.1.0 9.96 104.27 114.23 NOTE
r-devel-linux-x86_64-debian-gcc 0.1.0 8.49 77.78 86.27 NOTE
r-devel-linux-x86_64-fedora-clang 0.1.0 146.29 NOTE
r-devel-linux-x86_64-fedora-gcc 0.1.0 146.22 NOTE
r-devel-windows-x86_64 0.1.0 18.00 120.00 138.00 NOTE
r-patched-linux-x86_64 0.1.0 10.65 98.96 109.61 NOTE
r-release-linux-x86_64 0.1.0 7.55 98.41 105.96 NOTE
r-release-macos-arm64 0.1.0 41.00 NOTE
r-release-macos-x86_64 0.1.0 75.00 NOTE
r-release-windows-x86_64 0.1.0 13.00 124.00 137.00 NOTE
r-oldrel-macos-arm64 0.1.0 43.00 NOTE
r-oldrel-macos-x86_64 0.1.0 71.00 NOTE
r-oldrel-windows-ix86+x86_64 0.1.0 26.00 115.00 141.00 NOTE

Check Details

Version: 0.1.0
Check: LazyData
Result: NOTE
     'LazyData' is specified without a 'data' directory
Flavors: r-devel-linux-x86_64-debian-clang, r-devel-linux-x86_64-debian-gcc, r-devel-linux-x86_64-fedora-clang, r-devel-linux-x86_64-fedora-gcc, r-devel-windows-x86_64, r-patched-linux-x86_64, r-release-linux-x86_64, r-release-macos-arm64, r-release-macos-x86_64, r-release-windows-x86_64, r-oldrel-macos-arm64, r-oldrel-macos-x86_64, r-oldrel-windows-ix86+x86_64

Version: 0.1.0
Check: dependencies in R code
Result: NOTE
    Namespace in Imports field not imported from: ‘Matrix’
     All declared Imports should be used.
Flavors: r-devel-linux-x86_64-fedora-clang, r-devel-linux-x86_64-fedora-gcc, r-release-macos-arm64, r-release-macos-x86_64, r-oldrel-macos-arm64, r-oldrel-macos-x86_64