Last updated on 2024-04-23 10:54:07 CEST.
Flavor | Version | Tinstall | Tcheck | Ttotal | Status | Flags |
---|---|---|---|---|---|---|
r-devel-linux-x86_64-debian-clang | 0.1.0 | 11.04 | 95.74 | 106.78 | NOTE | |
r-devel-linux-x86_64-debian-gcc | 0.1.0 | 8.39 | 69.49 | 77.88 | NOTE | |
r-devel-linux-x86_64-fedora-clang | 0.1.0 | 131.54 | NOTE | |||
r-devel-linux-x86_64-fedora-gcc | 0.1.0 | 124.32 | NOTE | |||
r-prerel-macos-arm64 | 0.1.0 | 40.00 | NOTE | |||
r-prerel-windows-x86_64 | 0.1.0 | 8.00 | 84.00 | 92.00 | NOTE | |
r-patched-linux-x86_64 | 0.1.0 | 10.56 | 89.51 | 100.07 | NOTE | |
r-release-linux-x86_64 | 0.1.0 | 9.68 | 91.41 | 101.09 | NOTE | |
r-release-macos-arm64 | 0.1.0 | 41.00 | NOTE | |||
r-release-macos-x86_64 | 0.1.0 | 73.00 | NOTE | |||
r-release-windows-x86_64 | 0.1.0 | 14.00 | 99.00 | 113.00 | NOTE | |
r-oldrel-macos-arm64 | 0.1.0 | 41.00 | NOTE | |||
r-oldrel-windows-x86_64 | 0.1.0 | 13.00 | 102.00 | 115.00 | NOTE |
Version: 0.1.0
Check: LazyData
Result: NOTE
'LazyData' is specified without a 'data' directory
Flavors: r-devel-linux-x86_64-debian-clang, r-devel-linux-x86_64-debian-gcc, r-devel-linux-x86_64-fedora-clang, r-devel-linux-x86_64-fedora-gcc, r-prerel-macos-arm64, r-prerel-windows-x86_64, r-patched-linux-x86_64, r-release-linux-x86_64, r-release-macos-arm64, r-release-macos-x86_64, r-release-windows-x86_64, r-oldrel-macos-arm64, r-oldrel-windows-x86_64
Version: 0.1.0
Check: dependencies in R code
Result: NOTE
Namespace in Imports field not imported from: ‘Matrix’
All declared Imports should be used.
Flavors: r-devel-linux-x86_64-fedora-clang, r-devel-linux-x86_64-fedora-gcc, r-oldrel-macos-arm64