CRAN Package Check Results for Package listarrays

Last updated on 2020-08-06 09:49:04 CEST.

Flavor Version Tinstall Tcheck Ttotal Status Flags
r-devel-linux-x86_64-debian-clang 0.3.1 2.96 27.12 30.08 OK
r-devel-linux-x86_64-debian-gcc 0.3.1 2.19 21.19 23.38 OK
r-devel-linux-x86_64-fedora-clang 0.3.1 44.49 NOTE
r-devel-linux-x86_64-fedora-gcc 0.3.1 34.69 OK
r-devel-windows-ix86+x86_64 0.3.1 8.00 42.00 50.00 OK
r-patched-linux-x86_64 0.3.1 2.95 27.04 29.99 OK
r-patched-solaris-x86 0.3.1 53.80 OK
r-release-linux-x86_64 0.3.1 2.21 27.08 29.29 OK
r-release-macos-x86_64 0.3.1 OK
r-release-windows-ix86+x86_64 0.3.1 7.00 57.00 64.00 OK
r-oldrel-macos-x86_64 0.3.1 OK
r-oldrel-windows-ix86+x86_64 0.3.1 5.00 35.00 40.00 OK

Check Details

Version: 0.3.1
Check: Rd cross-references
Result: NOTE
    Undeclared package ‘keras’ in Rd xrefs
Flavor: r-devel-linux-x86_64-fedora-clang