Last updated on 2023-02-03 09:55:37 CET.
Flavor | Version | Tinstall | Tcheck | Ttotal | Status | Flags |
---|---|---|---|---|---|---|
r-devel-linux-x86_64-debian-clang | 0.1.2 | 4.10 | 41.22 | 45.32 | OK | |
r-devel-linux-x86_64-debian-gcc | 0.1.2 | 3.24 | 31.31 | 34.55 | OK | |
r-devel-linux-x86_64-fedora-clang | 0.1.2 | 56.99 | NOTE | |||
r-devel-linux-x86_64-fedora-gcc | 0.1.2 | 65.40 | NOTE | |||
r-devel-windows-x86_64 | 0.1.2 | 13.00 | 73.00 | 86.00 | OK | |
r-patched-linux-x86_64 | 0.1.2 | 4.10 | 40.62 | 44.72 | OK | |
r-release-linux-x86_64 | 0.1.2 | 3.72 | 39.60 | 43.32 | OK | |
r-release-macos-arm64 | 0.1.2 | 23.00 | NOTE | |||
r-release-macos-x86_64 | 0.1.2 | 34.00 | NOTE | |||
r-release-windows-x86_64 | 0.1.2 | 12.00 | 77.00 | 89.00 | OK | |
r-oldrel-macos-arm64 | 0.1.2 | 24.00 | NOTE | |||
r-oldrel-macos-x86_64 | 0.1.2 | 31.00 | NOTE | |||
r-oldrel-windows-ix86+x86_64 | 0.1.2 | 10.00 | 68.00 | 78.00 | OK |
Version: 0.1.2
Check: data for non-ASCII characters
Result: NOTE
Note: found 32 marked UTF-8 strings
Flavors: r-devel-linux-x86_64-fedora-clang, r-devel-linux-x86_64-fedora-gcc, r-release-macos-arm64, r-release-macos-x86_64, r-oldrel-macos-arm64, r-oldrel-macos-x86_64