Last updated on 2024-05-07 10:56:03 CEST.
Flavor | Version | Tinstall | Tcheck | Ttotal | Status | Flags |
---|---|---|---|---|---|---|
r-devel-linux-x86_64-debian-clang | 0.0.1 | 2.16 | 26.45 | 28.61 | NOTE | |
r-devel-linux-x86_64-debian-gcc | 0.0.1 | 2.18 | 20.78 | 22.96 | NOTE | |
r-devel-linux-x86_64-fedora-clang | 0.0.1 | 38.00 | NOTE | |||
r-devel-linux-x86_64-fedora-gcc | 0.0.1 | 51.83 | NOTE | |||
r-devel-windows-x86_64 | 0.0.1 | 3.00 | 48.00 | 51.00 | NOTE | |
r-patched-linux-x86_64 | 0.0.1 | 2.55 | 26.25 | 28.80 | NOTE | |
r-release-linux-x86_64 | 0.0.1 | 2.37 | 25.97 | 28.34 | NOTE | |
r-release-macos-arm64 | 0.0.1 | 17.00 | NOTE | |||
r-release-windows-x86_64 | 0.0.1 | 3.00 | 49.00 | 52.00 | NOTE | |
r-oldrel-macos-arm64 | 0.0.1 | 17.00 | NOTE | |||
r-oldrel-macos-x86_64 | 0.0.1 | 25.00 | NOTE | |||
r-oldrel-windows-x86_64 | 0.0.1 | 4.00 | 51.00 | 55.00 | NOTE |
Version: 0.0.1
Check: LazyData
Result: NOTE
'LazyData' is specified without a 'data' directory
Flavors: r-devel-linux-x86_64-debian-clang, r-devel-linux-x86_64-debian-gcc, r-devel-linux-x86_64-fedora-clang, r-devel-linux-x86_64-fedora-gcc, r-devel-windows-x86_64, r-patched-linux-x86_64, r-release-linux-x86_64, r-release-macos-arm64, r-release-windows-x86_64, r-oldrel-macos-arm64, r-oldrel-macos-x86_64, r-oldrel-windows-x86_64