CRAN Package Check Results for Package linkspotter

Last updated on 2022-05-25 10:53:20 CEST.

Flavor Version Tinstall Tcheck Ttotal Status Flags
r-devel-linux-x86_64-debian-clang 1.3.0 10.38 120.43 130.81 NOTE
r-devel-linux-x86_64-debian-gcc 1.3.0 7.43 88.34 95.77 NOTE
r-devel-linux-x86_64-fedora-clang 1.3.0 158.51 NOTE
r-devel-linux-x86_64-fedora-gcc 1.3.0 146.85 NOTE
r-devel-windows-x86_64 1.3.0 28.00 137.00 165.00 NOTE
r-patched-linux-x86_64 1.3.0 8.73 112.15 120.88 NOTE
r-release-linux-x86_64 1.3.0 NOTE
r-release-macos-arm64 1.3.0 34.00 NOTE
r-release-macos-x86_64 1.3.0 83.00 NOTE
r-release-windows-x86_64 1.3.0 34.00 145.00 179.00 NOTE
r-oldrel-macos-arm64 1.3.0 82.00 NOTE
r-oldrel-macos-x86_64 1.3.0 64.00 NOTE
r-oldrel-windows-ix86+x86_64 1.3.0 25.00 128.00 153.00 NOTE

Check Details

Version: 1.3.0
Check: LazyData
Result: NOTE
     'LazyData' is specified without a 'data' directory
Flavors: r-devel-linux-x86_64-debian-clang, r-devel-linux-x86_64-debian-gcc, r-devel-linux-x86_64-fedora-clang, r-devel-linux-x86_64-fedora-gcc, r-devel-windows-x86_64, r-patched-linux-x86_64, r-release-linux-x86_64, r-release-macos-arm64, r-release-macos-x86_64, r-release-windows-x86_64, r-oldrel-macos-arm64, r-oldrel-macos-x86_64, r-oldrel-windows-ix86+x86_64