Last updated on 2024-05-11 09:51:23 CEST.
Flavor | Version | Tinstall | Tcheck | Ttotal | Status | Flags |
---|---|---|---|---|---|---|
r-devel-linux-x86_64-debian-clang | 1.0.3 | 24.40 | 31.27 | 55.67 | NOTE | |
r-devel-linux-x86_64-debian-gcc | 1.0.3 | 19.10 | 24.27 | 43.37 | NOTE | |
r-devel-linux-x86_64-fedora-clang | 1.0.3 | 79.06 | NOTE | |||
r-devel-linux-x86_64-fedora-gcc | 1.0.3 | 125.46 | NOTE | |||
r-devel-windows-x86_64 | 1.0.3 | 25.00 | 76.00 | 101.00 | NOTE | |
r-patched-linux-x86_64 | 1.0.3 | 25.22 | 30.58 | 55.80 | NOTE | |
r-release-linux-x86_64 | 1.0.3 | 26.15 | 30.23 | 56.38 | NOTE | |
r-release-macos-arm64 | 1.0.3 | 26.00 | NOTE | |||
r-release-windows-x86_64 | 1.0.3 | 25.00 | 73.00 | 98.00 | NOTE | |
r-oldrel-macos-arm64 | 1.0.3 | 28.00 | OK | |||
r-oldrel-macos-x86_64 | 1.0.3 | 53.00 | NOTE | |||
r-oldrel-windows-x86_64 | 1.0.3 | 26.00 | 81.00 | 107.00 | OK |
Version: 1.0.3
Check: Rd files
Result: NOTE
checkRd: (-1) libstable4u-package.Rd:16: Lost braces; missing escapes or markup?
16 | \item Fast and accurate evaluation of the quantile function (CDF^{-1}).
| ^
Flavors: r-devel-linux-x86_64-debian-clang, r-devel-linux-x86_64-debian-gcc, r-devel-linux-x86_64-fedora-clang, r-devel-linux-x86_64-fedora-gcc, r-devel-windows-x86_64, r-patched-linux-x86_64, r-release-linux-x86_64, r-release-macos-arm64, r-release-windows-x86_64
Version: 1.0.3
Check: installed package size
Result: NOTE
installed size is 5.1Mb
sub-directories of 1Mb or more:
libs 5.0Mb
Flavor: r-oldrel-macos-x86_64